{"id":2522,"date":"2017-04-27T11:17:29","date_gmt":"2017-04-27T09:17:29","guid":{"rendered":"http:\/\/www.jovenesnucleares.org\/blog\/?page_id=2522"},"modified":"2017-04-27T15:03:43","modified_gmt":"2017-04-27T13:03:43","slug":"abril","status":"publish","type":"page","link":"https:\/\/www.jovenesnucleares.org\/blog\/te-interesa\/12-meses-12-razones\/abril\/","title":{"rendered":"ABRIL"},"content":{"rendered":"<p>\n\t<em>Si empleas bien la radiaci&oacute;n, puede ser tu gran aliada.<\/em>\n<\/p>\n<p>\n\t<a href=\"http:\/\/www.jovenesnucleares.org\/blog\/wp-content\/uploads\/2017\/04\/JJNN_12m_12r_abril_lego.png\" rel=\"lightbox[2522]\"><img fetchpriority=\"high\" decoding=\"async\" alt=\"\" class=\"aligncenter size-full wp-image-2539\" height=\"501\" src=\"http:\/\/www.jovenesnucleares.org\/blog\/wp-content\/uploads\/2017\/04\/JJNN_12m_12r_abril_lego.png\" width=\"660\" srcset=\"https:\/\/www.jovenesnucleares.org\/blog\/wp-content\/uploads\/2017\/04\/JJNN_12m_12r_abril_lego.png 660w, https:\/\/www.jovenesnucleares.org\/blog\/wp-content\/uploads\/2017\/04\/JJNN_12m_12r_abril_lego-300x228.png 300w, https:\/\/www.jovenesnucleares.org\/blog\/wp-content\/uploads\/2017\/04\/JJNN_12m_12r_abril_lego-624x474.png 624w\" sizes=\"(max-width: 660px) 100vw, 660px\" \/><\/a>\n<\/p>\n<p style=\"text-align: justify;\">\n\tLa radiaci&oacute;n ionizante es un flujo de part&iacute;culas con suficiente energ&iacute;a para producir ionizaciones en las mol&eacute;culas que atraviesa.\n<\/p>\n<p style=\"text-align: justify;\">\n\tLas aplicaciones m&eacute;dicas basadas en las radiaciones ionizantes aprovechan su capacidad de interacci&oacute;n con la materia viva. La magnitud de estas interacciones depende del tipo de radiaci&oacute;n emitida y de la energ&iacute;a depositada. Esto explica la existencia de diferentes tipos de equipos m&eacute;dicos basados en esta tecnolog&iacute;a, ya que cada equipo ser&aacute; apto para realizar una exploraci&oacute;n espec&iacute;fica.\n<\/p>\n<p style=\"text-align: justify;\">\n\t&nbsp;\n<\/p>\n<p style=\"text-align: justify;\">\n\tUn primer grupo de aplicaciones m&eacute;dicas son las que se utilizan para diagn&oacute;stico de enfermedades o lesiones: radiograf&iacute;a convencional (R-X), mamograf&iacute;a, fluoroscop&iacute;a, Tomograf&iacute;a Computarizada (TC), y Tomograf&iacute;a por Emisi&oacute;n de Positrones (PET). Estas exploraciones proporcionan conocimientos morfol&oacute;gicos y metab&oacute;licos, din&aacute;micos y funcionales. En otras palabras, nos permiten ver el interior del cuerpo humano y entender su funcionamiento, como si fuera &ldquo;transparente&rdquo;.\n<\/p>\n<p>\n\t<a href=\"http:\/\/www.jovenesnucleares.org\/blog\/wp-content\/uploads\/2017\/04\/tecnicas_radiodiagnostico.png\" rel=\"lightbox[2522]\"><img decoding=\"async\" alt=\"\" class=\"aligncenter size-full wp-image-2529\" height=\"211\" src=\"http:\/\/www.jovenesnucleares.org\/blog\/wp-content\/uploads\/2017\/04\/tecnicas_radiodiagnostico.png\" width=\"334\" srcset=\"https:\/\/www.jovenesnucleares.org\/blog\/wp-content\/uploads\/2017\/04\/tecnicas_radiodiagnostico.png 334w, https:\/\/www.jovenesnucleares.org\/blog\/wp-content\/uploads\/2017\/04\/tecnicas_radiodiagnostico-300x190.png 300w\" sizes=\"(max-width: 334px) 100vw, 334px\" \/><\/a>\n<\/p>\n<p style=\"text-align: justify;\">\n\tEstas exploraciones m&eacute;dicas emplean radiaci&oacute;n ionizante de baja energ&iacute;a cuyo efecto suele resultar inocuo para la c&eacute;lula. Muchas lesiones leves de este tipo se experimentan tambi&eacute;n de forma espont&aacute;nea por metabolismo celular y la c&eacute;lula es capaz de repararlas mediante sus mecanismos enzim&aacute;ticos, sobreviviendo de manera natural.\n<\/p>\n<p>\n\t&nbsp;\n<\/p>\n<p style=\"text-align: justify;\">\n\tOtro grupo de aplicaciones son las que se utilizan para tratar enfermedades como el c&aacute;ncer: teleterapia, braquiterapia, medicina nuclear, y prot&oacute;nterapia. Estas tecnolog&iacute;as emplean part&iacute;culas u ondas de alta energ&iacute;a con el fin de inducir lesiones irreversibles en las c&eacute;lulas tumorales para provocar su muerte, procurando irradiar lo menos posible los tejidos sanos pr&oacute;ximos al tumor. El tipo de fuente var&iacute;a en funci&oacute;n del &oacute;rgano a tratar y de la profundidad del tumor, y deben ser planificadas individualmente para asegurar el fin curativo de la terapia.\n<\/p>\n<p>\n\t<a href=\"http:\/\/www.jovenesnucleares.org\/blog\/wp-content\/uploads\/2017\/04\/tecnicas_radioterapia.png\" rel=\"lightbox[2522]\"><img decoding=\"async\" alt=\"\" class=\"aligncenter size-full wp-image-2530\" height=\"215\" src=\"http:\/\/www.jovenesnucleares.org\/blog\/wp-content\/uploads\/2017\/04\/tecnicas_radioterapia.png\" width=\"321\" srcset=\"https:\/\/www.jovenesnucleares.org\/blog\/wp-content\/uploads\/2017\/04\/tecnicas_radioterapia.png 321w, https:\/\/www.jovenesnucleares.org\/blog\/wp-content\/uploads\/2017\/04\/tecnicas_radioterapia-300x201.png 300w\" sizes=\"(max-width: 321px) 100vw, 321px\" \/><\/a>\n<\/p>\n<p style=\"text-align: justify;\">\n\t&nbsp;\n<\/p>\n<p style=\"text-align: justify;\">\n\tSeg&uacute;n <a href=\"http:\/\/www.who.int\/mediacentre\/factsheets\/fs371\/es\/\">datos de la Organizaci&oacute;n Mundial de la Salud<\/a>, aproximadamente un 80% de las decisiones m&eacute;dicas importantes se basan en exploraciones m&eacute;dicas basadas en radiaci&oacute;n ionizante. El n&uacute;mero de equipos m&eacute;dicos de este tipo sigue creciendo en todo el mundo, rodeando los 146.000 en el a&ntilde;o 2014. <a href=\"http:\/\/www.unscear.org\/docs\/publications\/2008\/UNSCEAR_2008_Annex-A-CORR.pdf\">En este a&ntilde;o, en Espa&ntilde;a, aparte 12.500 unidades de Rayos-X convencionales, hab&iacute;a m&aacute;s de 3.200 equipos dedicados a diagn&oacute;sticos y terapias<\/a>.\n<\/p>\n<table border=\"1\" cellpadding=\"1\" cellspacing=\"1\" height=\"261\" width=\"374\">\n<tbody>\n<tr>\n<td style=\"text-align: center;\">\n\t\t\t\t<span style=\"color:#89C122;\"><strong>Equipo \/ T&eacute;cnica<\/strong><\/span>\n\t\t\t<\/td>\n<td style=\"text-align: center;\">\n\t\t\t\t<span style=\"color:#89C122;\"><strong>Mundo<\/strong><\/span>\n\t\t\t<\/td>\n<td style=\"text-align: center;\">\n\t\t\t\t<span style=\"color:#89C122;\"><strong>Espa&ntilde;a<\/strong><\/span>\n\t\t\t<\/td>\n<\/tr>\n<tr>\n<td>\n\t\t\t\t<span style=\"color:#89C122;\">Tomograf&iacute;a Computerizada (TC)<\/span>\n\t\t\t<\/td>\n<td style=\"text-align: right;\">\n\t\t\t\t47.649\n\t\t\t<\/td>\n<td style=\"text-align: right;\">\n\t\t\t\t812\n\t\t\t<\/td>\n<\/tr>\n<tr>\n<td>\n\t\t\t\t<span style=\"color:#89C122;\">Imagen por Resonancia Magn&eacute;tica (RMI)<\/span>\n\t\t\t<\/td>\n<td style=\"text-align: right;\">\n\t\t\t\t31.704\n\t\t\t<\/td>\n<td style=\"text-align: right;\">\n\t\t\t\t711\n\t\t\t<\/td>\n<\/tr>\n<tr>\n<td>\n\t\t\t\t<span style=\"color:#89C122;\">Tomograf&iacute;a por Emisi&oacute;n de Positrones (PET)<\/span>\n\t\t\t<\/td>\n<td style=\"text-align: right;\">\n\t\t\t\t3.244\n\t\t\t<\/td>\n<td style=\"text-align: right;\">\n\t\t\t\t72\n\t\t\t<\/td>\n<\/tr>\n<tr>\n<td>\n\t\t\t\t<span style=\"color:#89C122;\">Gammac&aacute;mara<\/span>\n\t\t\t<\/td>\n<td style=\"text-align: right;\">\n\t\t\t\t20.667\n\t\t\t<\/td>\n<td style=\"text-align: right;\">\n\t\t\t\t301\n\t\t\t<\/td>\n<\/tr>\n<tr>\n<td>\n\t\t\t\t<span style=\"color:#89C122;\">Angiograf&iacute;a Digital<\/span>\n\t\t\t<\/td>\n<td style=\"text-align: right;\">\n\t\t\t\t3.693\n\t\t\t<\/td>\n<td style=\"text-align: right;\">\n\t\t\t\t259\n\t\t\t<\/td>\n<\/tr>\n<tr>\n<td>\n\t\t\t\t<span style=\"color:#89C122;\">Mamograf&iacute;as<\/span>\n\t\t\t<\/td>\n<td style=\"text-align: right;\">\n\t\t\t\t29.946\n\t\t\t<\/td>\n<td style=\"text-align: right;\">\n\t\t\t\t743\n\t\t\t<\/td>\n<\/tr>\n<tr>\n<td>\n\t\t\t\t<span style=\"color:#89C122;\">Radioterapia<\/span>\n\t\t\t<\/td>\n<td style=\"text-align: right;\">\n\t\t\t\t6.623\n\t\t\t<\/td>\n<td style=\"text-align: right;\">\n\t\t\t\t228\n\t\t\t<\/td>\n<\/tr>\n<tr>\n<td>\n\t\t\t\t<span style=\"color:#89C122;\">Litotriptores<\/span>\n\t\t\t<\/td>\n<td style=\"text-align: right;\">\n\t\t\t\t1.784\n\t\t\t<\/td>\n<td style=\"text-align: right;\">\n\t\t\t\t89\n\t\t\t<\/td>\n<\/tr>\n<tr>\n<td style=\"text-align: right;\">\n\t\t\t\t<span style=\"color:#89C122;\"><strong>Total<\/strong><\/span>\n\t\t\t<\/td>\n<td style=\"text-align: right;\">\n\t\t\t\t<span style=\"color:#89C122;\"><strong>145.310<\/strong><\/span>\n\t\t\t<\/td>\n<td style=\"text-align: right;\">\n\t\t\t\t<span style=\"color:#89C122;\"><strong>3.215<\/strong><\/span>\n\t\t\t<\/td>\n<\/tr>\n<\/tbody>\n<\/table>\n<p style=\"text-align: justify;\">\n\tEn todos estos casos la radiaci&oacute;n ionizante resulta ser una herramienta eficaz para la Medicina. No obstante, el suministro de radiaci&oacute;n se debe realizar de manera controlada y dosificada para el beneficio del paciente, evitando inducir posibles efectos adversos, como alteraciones en el ADN de c&eacute;lulas sanas que puedan aumentar la probabilidad de ocurrencia de mutaciones.\n<\/p>\n<p style=\"text-align: justify;\">\n\tPara optimizar la dosis de radiaci&oacute;n recibida y limitar sus riesgos, se emplean sistemas de Protecci&oacute;n Radiol&oacute;gica que se fundamentan en tres principios:\n<\/p>\n<ul>\n<li style=\"text-align: justify;\">\n\t\t<em>Justificaci&oacute;n<\/em>: el beneficio neto derivado de la exposici&oacute;n tiene que ser mayor que el da&ntilde;o.\n\t<\/li>\n<li style=\"text-align: justify;\">\n\t\t<em>Optimizaci&oacute;n<\/em>: la dosis deben mantenerse tan bajas como sea razonablemente posible (principio ALARA).\n\t<\/li>\n<li style=\"text-align: justify;\">\n\t\t<em>Limitaci&oacute;n<\/em>: la dosis total a cualquier individuo no debe exceder los l&iacute;mites establecidos.\n\t<\/li>\n<\/ul>\n<p style=\"text-align: justify;\">\n\tPor otra parte, el uso de una buena planificaci&oacute;n en radioterapia asegura la calidad del tratamiento optimizando la dosis administrada. Se aplica de forma personalizada a cada paciente, evaluando su condici&oacute;n de salud, el estado de la enfermedad, y las partes del cuerpo que a tratar. Adem&aacute;s se simula previamente la radioterapia con el fin de calcular exactamente la dosis a suministrar y los puntos de su aplicaci&oacute;n, asegurando proteger los &oacute;rganos y tejidos adyacentes.<\/p>\n","protected":false},"excerpt":{"rendered":"<p>Si empleas bien la radiaci&oacute;n, puede ser tu gran aliada. La radiaci&oacute;n ionizante es un flujo de part&iacute;culas con suficiente energ&iacute;a para producir ionizaciones en las mol&eacute;culas que atraviesa. Las aplicaciones m&eacute;dicas basadas en las radiaciones ionizantes aprovechan su capacidad de interacci&oacute;n con la materia viva. La magnitud de estas interacciones depende del tipo de&hellip; <br \/> <a class=\"read-more\" href=\"https:\/\/www.jovenesnucleares.org\/blog\/te-interesa\/12-meses-12-razones\/abril\/\">Read more<\/a><\/p>\n","protected":false},"author":1,"featured_media":0,"parent":2369,"menu_order":3,"comment_status":"closed","ping_status":"closed","template":"","meta":{"footnotes":""},"class_list":["post-2522","page","type-page","status-publish","hentry"],"yoast_head":"<!-- This site is optimized with the Yoast SEO plugin v27.4 - https:\/\/yoast.com\/product\/yoast-seo-wordpress\/ -->\n<title>ABRIL - J\u00f3venes Nucleares<\/title>\n<meta name=\"robots\" content=\"index, follow, max-snippet:-1, max-image-preview:large, max-video-preview:-1\" \/>\n<link rel=\"canonical\" href=\"https:\/\/www.jovenesnucleares.org\/blog\/te-interesa\/12-meses-12-razones\/abril\/\" \/>\n<meta property=\"og:locale\" content=\"es_ES\" \/>\n<meta property=\"og:type\" content=\"article\" \/>\n<meta property=\"og:title\" content=\"ABRIL - J\u00f3venes Nucleares\" \/>\n<meta property=\"og:description\" content=\"Si empleas bien la radiaci&oacute;n, puede ser tu gran aliada. La radiaci&oacute;n ionizante es un flujo de part&iacute;culas con suficiente energ&iacute;a para producir ionizaciones en las mol&eacute;culas que atraviesa. Las aplicaciones m&eacute;dicas basadas en las radiaciones ionizantes aprovechan su capacidad de interacci&oacute;n con la materia viva. La magnitud de estas interacciones depende del tipo de&hellip; Read more\" \/>\n<meta property=\"og:url\" content=\"https:\/\/www.jovenesnucleares.org\/blog\/te-interesa\/12-meses-12-razones\/abril\/\" \/>\n<meta property=\"og:site_name\" content=\"J\u00f3venes Nucleares\" \/>\n<meta property=\"article:publisher\" content=\"https:\/\/www.facebook.com\/JovenesNucleares\" \/>\n<meta property=\"article:modified_time\" content=\"2017-04-27T13:03:43+00:00\" \/>\n<meta property=\"og:image\" content=\"http:\/\/www.jovenesnucleares.org\/blog\/wp-content\/uploads\/2017\/04\/JJNN_12m_12r_abril_lego.png\" \/>\n<meta name=\"twitter:card\" content=\"summary_large_image\" \/>\n<meta name=\"twitter:site\" content=\"@jjnucleares\" \/>\n<meta name=\"twitter:label1\" content=\"Tiempo de lectura\" \/>\n\t<meta name=\"twitter:data1\" content=\"4 minutos\" \/>\n<script type=\"application\/ld+json\" class=\"yoast-schema-graph\">{\"@context\":\"https:\\\/\\\/schema.org\",\"@graph\":[{\"@type\":\"WebPage\",\"@id\":\"https:\\\/\\\/www.jovenesnucleares.org\\\/blog\\\/te-interesa\\\/12-meses-12-razones\\\/abril\\\/\",\"url\":\"https:\\\/\\\/www.jovenesnucleares.org\\\/blog\\\/te-interesa\\\/12-meses-12-razones\\\/abril\\\/\",\"name\":\"ABRIL - J\u00f3venes Nucleares\",\"isPartOf\":{\"@id\":\"https:\\\/\\\/www.jovenesnucleares.org\\\/blog\\\/#website\"},\"primaryImageOfPage\":{\"@id\":\"https:\\\/\\\/www.jovenesnucleares.org\\\/blog\\\/te-interesa\\\/12-meses-12-razones\\\/abril\\\/#primaryimage\"},\"image\":{\"@id\":\"https:\\\/\\\/www.jovenesnucleares.org\\\/blog\\\/te-interesa\\\/12-meses-12-razones\\\/abril\\\/#primaryimage\"},\"thumbnailUrl\":\"http:\\\/\\\/www.jovenesnucleares.org\\\/blog\\\/wp-content\\\/uploads\\\/2017\\\/04\\\/JJNN_12m_12r_abril_lego.png\",\"datePublished\":\"2017-04-27T09:17:29+00:00\",\"dateModified\":\"2017-04-27T13:03:43+00:00\",\"breadcrumb\":{\"@id\":\"https:\\\/\\\/www.jovenesnucleares.org\\\/blog\\\/te-interesa\\\/12-meses-12-razones\\\/abril\\\/#breadcrumb\"},\"inLanguage\":\"es\",\"potentialAction\":[{\"@type\":\"ReadAction\",\"target\":[\"https:\\\/\\\/www.jovenesnucleares.org\\\/blog\\\/te-interesa\\\/12-meses-12-razones\\\/abril\\\/\"]}]},{\"@type\":\"ImageObject\",\"inLanguage\":\"es\",\"@id\":\"https:\\\/\\\/www.jovenesnucleares.org\\\/blog\\\/te-interesa\\\/12-meses-12-razones\\\/abril\\\/#primaryimage\",\"url\":\"https:\\\/\\\/www.jovenesnucleares.org\\\/blog\\\/wp-content\\\/uploads\\\/2017\\\/04\\\/JJNN_12m_12r_abril_lego.png\",\"contentUrl\":\"https:\\\/\\\/www.jovenesnucleares.org\\\/blog\\\/wp-content\\\/uploads\\\/2017\\\/04\\\/JJNN_12m_12r_abril_lego.png\",\"width\":660,\"height\":501},{\"@type\":\"BreadcrumbList\",\"@id\":\"https:\\\/\\\/www.jovenesnucleares.org\\\/blog\\\/te-interesa\\\/12-meses-12-razones\\\/abril\\\/#breadcrumb\",\"itemListElement\":[{\"@type\":\"ListItem\",\"position\":1,\"name\":\"Portada\",\"item\":\"https:\\\/\\\/www.jovenesnucleares.org\\\/blog\\\/\"},{\"@type\":\"ListItem\",\"position\":2,\"name\":\"Te interesa\",\"item\":\"https:\\\/\\\/www.jovenesnucleares.org\\\/blog\\\/te-interesa\\\/\"},{\"@type\":\"ListItem\",\"position\":3,\"name\":\"12 meses 12 razones\",\"item\":\"https:\\\/\\\/www.jovenesnucleares.org\\\/blog\\\/te-interesa\\\/12-meses-12-razones\\\/\"},{\"@type\":\"ListItem\",\"position\":4,\"name\":\"ABRIL\"}]},{\"@type\":\"WebSite\",\"@id\":\"https:\\\/\\\/www.jovenesnucleares.org\\\/blog\\\/#website\",\"url\":\"https:\\\/\\\/www.jovenesnucleares.org\\\/blog\\\/\",\"name\":\"J\u00f3venes Nucleares\",\"description\":\"Divulgaci\u00f3n de Ciencia y Tecnolog\u00eda Nuclear\",\"publisher\":{\"@id\":\"https:\\\/\\\/www.jovenesnucleares.org\\\/blog\\\/#organization\"},\"potentialAction\":[{\"@type\":\"SearchAction\",\"target\":{\"@type\":\"EntryPoint\",\"urlTemplate\":\"https:\\\/\\\/www.jovenesnucleares.org\\\/blog\\\/?s={search_term_string}\"},\"query-input\":{\"@type\":\"PropertyValueSpecification\",\"valueRequired\":true,\"valueName\":\"search_term_string\"}}],\"inLanguage\":\"es\"},{\"@type\":\"Organization\",\"@id\":\"https:\\\/\\\/www.jovenesnucleares.org\\\/blog\\\/#organization\",\"name\":\"J\u00f3venes Nucleares\",\"url\":\"https:\\\/\\\/www.jovenesnucleares.org\\\/blog\\\/\",\"logo\":{\"@type\":\"ImageObject\",\"inLanguage\":\"es\",\"@id\":\"https:\\\/\\\/www.jovenesnucleares.org\\\/blog\\\/#\\\/schema\\\/logo\\\/image\\\/\",\"url\":\"http:\\\/\\\/www.jovenesnucleares.org\\\/blog\\\/wp-content\\\/uploads\\\/2022\\\/01\\\/cropped-Logo-JJNN-principal-125px.png\",\"contentUrl\":\"http:\\\/\\\/www.jovenesnucleares.org\\\/blog\\\/wp-content\\\/uploads\\\/2022\\\/01\\\/cropped-Logo-JJNN-principal-125px.png\",\"width\":170,\"height\":70,\"caption\":\"J\u00f3venes Nucleares\"},\"image\":{\"@id\":\"https:\\\/\\\/www.jovenesnucleares.org\\\/blog\\\/#\\\/schema\\\/logo\\\/image\\\/\"},\"sameAs\":[\"https:\\\/\\\/www.facebook.com\\\/JovenesNucleares\",\"https:\\\/\\\/x.com\\\/jjnucleares\",\"https:\\\/\\\/www.instagram.com\\\/jjnucleares\\\/\",\"https:\\\/\\\/www.linkedin.com\\\/company\\\/jovenesnucleares\\\/\",\"https:\\\/\\\/www.youtube.com\\\/c\\\/JovenesNuclearesSNE\",\"https:\\\/\\\/es.wikipedia.org\\\/wiki\\\/Jovenes_Nucleares\"]}]}<\/script>\n<!-- \/ Yoast SEO plugin. -->","yoast_head_json":{"title":"ABRIL - J\u00f3venes Nucleares","robots":{"index":"index","follow":"follow","max-snippet":"max-snippet:-1","max-image-preview":"max-image-preview:large","max-video-preview":"max-video-preview:-1"},"canonical":"https:\/\/www.jovenesnucleares.org\/blog\/te-interesa\/12-meses-12-razones\/abril\/","og_locale":"es_ES","og_type":"article","og_title":"ABRIL - J\u00f3venes Nucleares","og_description":"Si empleas bien la radiaci&oacute;n, puede ser tu gran aliada. La radiaci&oacute;n ionizante es un flujo de part&iacute;culas con suficiente energ&iacute;a para producir ionizaciones en las mol&eacute;culas que atraviesa. Las aplicaciones m&eacute;dicas basadas en las radiaciones ionizantes aprovechan su capacidad de interacci&oacute;n con la materia viva. La magnitud de estas interacciones depende del tipo de&hellip; Read more","og_url":"https:\/\/www.jovenesnucleares.org\/blog\/te-interesa\/12-meses-12-razones\/abril\/","og_site_name":"J\u00f3venes Nucleares","article_publisher":"https:\/\/www.facebook.com\/JovenesNucleares","article_modified_time":"2017-04-27T13:03:43+00:00","og_image":[{"url":"http:\/\/www.jovenesnucleares.org\/blog\/wp-content\/uploads\/2017\/04\/JJNN_12m_12r_abril_lego.png","type":"","width":"","height":""}],"twitter_card":"summary_large_image","twitter_site":"@jjnucleares","twitter_misc":{"Tiempo de lectura":"4 minutos"},"schema":{"@context":"https:\/\/schema.org","@graph":[{"@type":"WebPage","@id":"https:\/\/www.jovenesnucleares.org\/blog\/te-interesa\/12-meses-12-razones\/abril\/","url":"https:\/\/www.jovenesnucleares.org\/blog\/te-interesa\/12-meses-12-razones\/abril\/","name":"ABRIL - J\u00f3venes Nucleares","isPartOf":{"@id":"https:\/\/www.jovenesnucleares.org\/blog\/#website"},"primaryImageOfPage":{"@id":"https:\/\/www.jovenesnucleares.org\/blog\/te-interesa\/12-meses-12-razones\/abril\/#primaryimage"},"image":{"@id":"https:\/\/www.jovenesnucleares.org\/blog\/te-interesa\/12-meses-12-razones\/abril\/#primaryimage"},"thumbnailUrl":"http:\/\/www.jovenesnucleares.org\/blog\/wp-content\/uploads\/2017\/04\/JJNN_12m_12r_abril_lego.png","datePublished":"2017-04-27T09:17:29+00:00","dateModified":"2017-04-27T13:03:43+00:00","breadcrumb":{"@id":"https:\/\/www.jovenesnucleares.org\/blog\/te-interesa\/12-meses-12-razones\/abril\/#breadcrumb"},"inLanguage":"es","potentialAction":[{"@type":"ReadAction","target":["https:\/\/www.jovenesnucleares.org\/blog\/te-interesa\/12-meses-12-razones\/abril\/"]}]},{"@type":"ImageObject","inLanguage":"es","@id":"https:\/\/www.jovenesnucleares.org\/blog\/te-interesa\/12-meses-12-razones\/abril\/#primaryimage","url":"https:\/\/www.jovenesnucleares.org\/blog\/wp-content\/uploads\/2017\/04\/JJNN_12m_12r_abril_lego.png","contentUrl":"https:\/\/www.jovenesnucleares.org\/blog\/wp-content\/uploads\/2017\/04\/JJNN_12m_12r_abril_lego.png","width":660,"height":501},{"@type":"BreadcrumbList","@id":"https:\/\/www.jovenesnucleares.org\/blog\/te-interesa\/12-meses-12-razones\/abril\/#breadcrumb","itemListElement":[{"@type":"ListItem","position":1,"name":"Portada","item":"https:\/\/www.jovenesnucleares.org\/blog\/"},{"@type":"ListItem","position":2,"name":"Te interesa","item":"https:\/\/www.jovenesnucleares.org\/blog\/te-interesa\/"},{"@type":"ListItem","position":3,"name":"12 meses 12 razones","item":"https:\/\/www.jovenesnucleares.org\/blog\/te-interesa\/12-meses-12-razones\/"},{"@type":"ListItem","position":4,"name":"ABRIL"}]},{"@type":"WebSite","@id":"https:\/\/www.jovenesnucleares.org\/blog\/#website","url":"https:\/\/www.jovenesnucleares.org\/blog\/","name":"J\u00f3venes Nucleares","description":"Divulgaci\u00f3n de Ciencia y Tecnolog\u00eda Nuclear","publisher":{"@id":"https:\/\/www.jovenesnucleares.org\/blog\/#organization"},"potentialAction":[{"@type":"SearchAction","target":{"@type":"EntryPoint","urlTemplate":"https:\/\/www.jovenesnucleares.org\/blog\/?s={search_term_string}"},"query-input":{"@type":"PropertyValueSpecification","valueRequired":true,"valueName":"search_term_string"}}],"inLanguage":"es"},{"@type":"Organization","@id":"https:\/\/www.jovenesnucleares.org\/blog\/#organization","name":"J\u00f3venes Nucleares","url":"https:\/\/www.jovenesnucleares.org\/blog\/","logo":{"@type":"ImageObject","inLanguage":"es","@id":"https:\/\/www.jovenesnucleares.org\/blog\/#\/schema\/logo\/image\/","url":"http:\/\/www.jovenesnucleares.org\/blog\/wp-content\/uploads\/2022\/01\/cropped-Logo-JJNN-principal-125px.png","contentUrl":"http:\/\/www.jovenesnucleares.org\/blog\/wp-content\/uploads\/2022\/01\/cropped-Logo-JJNN-principal-125px.png","width":170,"height":70,"caption":"J\u00f3venes Nucleares"},"image":{"@id":"https:\/\/www.jovenesnucleares.org\/blog\/#\/schema\/logo\/image\/"},"sameAs":["https:\/\/www.facebook.com\/JovenesNucleares","https:\/\/x.com\/jjnucleares","https:\/\/www.instagram.com\/jjnucleares\/","https:\/\/www.linkedin.com\/company\/jovenesnucleares\/","https:\/\/www.youtube.com\/c\/JovenesNuclearesSNE","https:\/\/es.wikipedia.org\/wiki\/Jovenes_Nucleares"]}]}},"post_mailing_queue_ids":[],"_links":{"self":[{"href":"https:\/\/www.jovenesnucleares.org\/blog\/wp-json\/wp\/v2\/pages\/2522","targetHints":{"allow":["GET"]}}],"collection":[{"href":"https:\/\/www.jovenesnucleares.org\/blog\/wp-json\/wp\/v2\/pages"}],"about":[{"href":"https:\/\/www.jovenesnucleares.org\/blog\/wp-json\/wp\/v2\/types\/page"}],"author":[{"embeddable":true,"href":"https:\/\/www.jovenesnucleares.org\/blog\/wp-json\/wp\/v2\/users\/1"}],"replies":[{"embeddable":true,"href":"https:\/\/www.jovenesnucleares.org\/blog\/wp-json\/wp\/v2\/comments?post=2522"}],"version-history":[{"count":5,"href":"https:\/\/www.jovenesnucleares.org\/blog\/wp-json\/wp\/v2\/pages\/2522\/revisions"}],"predecessor-version":[{"id":2540,"href":"https:\/\/www.jovenesnucleares.org\/blog\/wp-json\/wp\/v2\/pages\/2522\/revisions\/2540"}],"up":[{"embeddable":true,"href":"https:\/\/www.jovenesnucleares.org\/blog\/wp-json\/wp\/v2\/pages\/2369"}],"wp:attachment":[{"href":"https:\/\/www.jovenesnucleares.org\/blog\/wp-json\/wp\/v2\/media?parent=2522"}],"curies":[{"name":"wp","href":"https:\/\/api.w.org\/{rel}","templated":true}]}}