{"id":2607,"date":"2017-05-30T08:54:09","date_gmt":"2017-05-30T06:54:09","guid":{"rendered":"http:\/\/www.jovenesnucleares.org\/blog\/?page_id=2607"},"modified":"2017-05-30T09:12:13","modified_gmt":"2017-05-30T07:12:13","slug":"mayo","status":"publish","type":"page","link":"https:\/\/www.jovenesnucleares.org\/blog\/te-interesa\/12-meses-12-razones\/mayo\/","title":{"rendered":"MAYO"},"content":{"rendered":"<p>\n\t<em>Adivina, adivinanza&#8230;<\/em>\n<\/p>\n<p>\n\t<a href=\"http:\/\/www.jovenesnucleares.org\/blog\/wp-content\/uploads\/2017\/05\/12m12r-mayo.png\" rel=\"lightbox[2607]\"><img fetchpriority=\"high\" decoding=\"async\" alt=\"\" class=\"aligncenter size-full wp-image-2611\" height=\"752\" src=\"http:\/\/www.jovenesnucleares.org\/blog\/wp-content\/uploads\/2017\/05\/12m12r-mayo.png\" width=\"1022\" srcset=\"https:\/\/www.jovenesnucleares.org\/blog\/wp-content\/uploads\/2017\/05\/12m12r-mayo.png 1022w, https:\/\/www.jovenesnucleares.org\/blog\/wp-content\/uploads\/2017\/05\/12m12r-mayo-300x221.png 300w, https:\/\/www.jovenesnucleares.org\/blog\/wp-content\/uploads\/2017\/05\/12m12r-mayo-768x565.png 768w, https:\/\/www.jovenesnucleares.org\/blog\/wp-content\/uploads\/2017\/05\/12m12r-mayo-624x459.png 624w\" sizes=\"(max-width: 1022px) 100vw, 1022px\" \/><\/a>\n<\/p>\n<p style=\"text-align: justify;\">\n\tEfectivamente, adem&aacute;s de la exportaci&oacute;n de jam&oacute;n y embutidos, la actividad econ&oacute;mica m&aacute;s importante de la provincia de Salamanca es la fabricaci&oacute;n de combustible nuclear para las centrales nucleares espa&ntilde;olas y europeas.\n<\/p>\n<p style=\"text-align: justify;\">\n\t<strong>Desde Juzbado<\/strong>, un peque&ntilde;o pueblo situado en el Campo de Ledesma, <strong>se suministra el uranio enriquecido, en forma de elementos de combustible, a las centrales nucleares<\/strong>, tanto espa&ntilde;olas como europeas. En concreto, la empresa <a href=\"http:\/\/www.enusa.es\/\">ENUSA<\/a> gestiona la compra de uranio, su conversi&oacute;n y enriquecimiento y, una vez el material enriquecido llega a Salamanca, se fabrican los elementos de combustible que se introducen en los reactores nucleares, tanto de agua a presi&oacute;n (PWR) como de agua en ebullici&oacute;n (BWR).\n<\/p>\n<p style=\"text-align: justify;\">\n\t&nbsp;\n<\/p>\n<p style=\"text-align: justify;\">\n\tSe puede decir que <strong>el combustible nuclear es la estrella de la actividad econ&oacute;mica salmantina<\/strong>. Desde el a&ntilde;o 1985, se lleva fabricando ininterrumpidamente elementos combustibles en la f&aacute;brica de ENUSA Industrias Avanzadas. En concreto, en el a&ntilde;o 2015 se procesaron 328,5 toneladasde uranio (tU), de las que un total de 203,6 tU se exportaron a centrales nucleares de pa&iacute;ses europeos, como Francia, B&eacute;lgica o los pa&iacute;ses n&oacute;rdicos. Por tanto, ENUSA export&oacute; el 62% del total fabricado. En cuanto a la distribuci&oacute;n por tipos de reactores, de los 854 elementos de combustible que se fabricaron, 616 fueron para reactores de agua a presi&oacute;n (PWR) y 238 para reactores de agua en ebullici&oacute;n (BWR).\n<\/p>\n<p style=\"text-align: justify;\">\n\t<a href=\"http:\/\/www.jovenesnucleares.org\/blog\/wp-content\/uploads\/2017\/05\/Actividad_economica_ENUSA.png\" rel=\"\" style=\"\" target=\"\" title=\"\" rel=\"lightbox[2607]\"><img decoding=\"async\" alt=\"\" class=\"aligncenter size-full wp-image-2612\" height=\"336\" src=\"http:\/\/www.jovenesnucleares.org\/blog\/wp-content\/uploads\/2017\/05\/Actividad_economica_ENUSA.png\" style=\"\" title=\"\" width=\"603\" srcset=\"https:\/\/www.jovenesnucleares.org\/blog\/wp-content\/uploads\/2017\/05\/Actividad_economica_ENUSA.png 1005w, https:\/\/www.jovenesnucleares.org\/blog\/wp-content\/uploads\/2017\/05\/Actividad_economica_ENUSA-300x167.png 300w, https:\/\/www.jovenesnucleares.org\/blog\/wp-content\/uploads\/2017\/05\/Actividad_economica_ENUSA-768x428.png 768w, https:\/\/www.jovenesnucleares.org\/blog\/wp-content\/uploads\/2017\/05\/Actividad_economica_ENUSA-624x348.png 624w\" sizes=\"(max-width: 603px) 100vw, 603px\" \/><\/a>Desde el punto de vista econ&oacute;mico, <a href=\"http:\/\/www.enusa.es\/wp-content\/uploads\/2016\/05\/MEMORIA-ANUAL-2015.pdf\">el volumen de negocio ascendi&oacute; a 358M&euro;<\/a>, correspondiendo las ventas de combustible nuclear a pa&iacute;ses europeos con un montante de 48M&euro;.\n<\/p>\n<p style=\"text-align: justify;\">\n\t<a href=\"http:\/\/www.jovenesnucleares.org\/blog\/wp-content\/uploads\/2017\/05\/Uranio_ForoNuclear.jpg\" rel=\"\" style=\"\" target=\"\" title=\"\" rel=\"lightbox[2607]\"><img decoding=\"async\" alt=\"\" class=\"aligncenter size-full wp-image-2613\" height=\"322\" src=\"http:\/\/www.jovenesnucleares.org\/blog\/wp-content\/uploads\/2017\/05\/Uranio_ForoNuclear.jpg\" style=\"\" title=\"http:\/\/www.foronuclear.org\" width=\"540\" srcset=\"https:\/\/www.jovenesnucleares.org\/blog\/wp-content\/uploads\/2017\/05\/Uranio_ForoNuclear.jpg 900w, https:\/\/www.jovenesnucleares.org\/blog\/wp-content\/uploads\/2017\/05\/Uranio_ForoNuclear-300x179.jpg 300w, https:\/\/www.jovenesnucleares.org\/blog\/wp-content\/uploads\/2017\/05\/Uranio_ForoNuclear-768x457.jpg 768w, https:\/\/www.jovenesnucleares.org\/blog\/wp-content\/uploads\/2017\/05\/Uranio_ForoNuclear-624x372.jpg 624w\" sizes=\"(max-width: 540px) 100vw, 540px\" \/><\/a>\n<\/p>\n<p style=\"text-align: justify;\">\n\tDe esta forma, se puede concluir que <strong>la fabricaci&oacute;n de combustible nuclear<\/strong> no es s&oacute;lo una de las actividades con mayor volumen de exportaci&oacute;n en la provincia de Salamanca, si no que adem&aacute;s <strong>es <a href=\"http:\/\/www.foronuclear.org\/resultados-y-perspectivas-nucleares-2016\/\">uno de los principales motores econ&oacute;micos de regi&oacute;n<\/a><\/strong>.<\/p>\n","protected":false},"excerpt":{"rendered":"<p>Adivina, adivinanza&#8230; Efectivamente, adem&aacute;s de la exportaci&oacute;n de jam&oacute;n y embutidos, la actividad econ&oacute;mica m&aacute;s importante de la provincia de Salamanca es la fabricaci&oacute;n de combustible nuclear para las centrales nucleares espa&ntilde;olas y europeas. Desde Juzbado, un peque&ntilde;o pueblo situado en el Campo de Ledesma, se suministra el uranio enriquecido, en forma de elementos de&hellip; <br \/> <a class=\"read-more\" href=\"https:\/\/www.jovenesnucleares.org\/blog\/te-interesa\/12-meses-12-razones\/mayo\/\">Read more<\/a><\/p>\n","protected":false},"author":1,"featured_media":0,"parent":2369,"menu_order":4,"comment_status":"closed","ping_status":"closed","template":"","meta":{"footnotes":""},"class_list":["post-2607","page","type-page","status-publish","hentry"],"yoast_head":"<!-- This site is optimized with the Yoast SEO plugin v27.4 - https:\/\/yoast.com\/product\/yoast-seo-wordpress\/ -->\n<title>MAYO - J\u00f3venes Nucleares<\/title>\n<meta name=\"robots\" content=\"index, follow, max-snippet:-1, max-image-preview:large, max-video-preview:-1\" \/>\n<link rel=\"canonical\" href=\"https:\/\/www.jovenesnucleares.org\/blog\/te-interesa\/12-meses-12-razones\/mayo\/\" \/>\n<meta property=\"og:locale\" content=\"es_ES\" \/>\n<meta property=\"og:type\" content=\"article\" \/>\n<meta property=\"og:title\" content=\"MAYO - J\u00f3venes Nucleares\" \/>\n<meta property=\"og:description\" content=\"Adivina, adivinanza&#8230; Efectivamente, adem&aacute;s de la exportaci&oacute;n de jam&oacute;n y embutidos, la actividad econ&oacute;mica m&aacute;s importante de la provincia de Salamanca es la fabricaci&oacute;n de combustible nuclear para las centrales nucleares espa&ntilde;olas y europeas. Desde Juzbado, un peque&ntilde;o pueblo situado en el Campo de Ledesma, se suministra el uranio enriquecido, en forma de elementos de&hellip; Read more\" \/>\n<meta property=\"og:url\" content=\"https:\/\/www.jovenesnucleares.org\/blog\/te-interesa\/12-meses-12-razones\/mayo\/\" \/>\n<meta property=\"og:site_name\" content=\"J\u00f3venes Nucleares\" \/>\n<meta property=\"article:publisher\" content=\"https:\/\/www.facebook.com\/JovenesNucleares\" \/>\n<meta property=\"article:modified_time\" content=\"2017-05-30T07:12:13+00:00\" \/>\n<meta property=\"og:image\" content=\"http:\/\/www.jovenesnucleares.org\/blog\/wp-content\/uploads\/2017\/05\/12m12r-mayo.png\" \/>\n<meta name=\"twitter:card\" content=\"summary_large_image\" \/>\n<meta name=\"twitter:site\" content=\"@jjnucleares\" \/>\n<meta name=\"twitter:label1\" content=\"Tiempo de lectura\" \/>\n\t<meta name=\"twitter:data1\" content=\"2 minutos\" \/>\n<script type=\"application\/ld+json\" class=\"yoast-schema-graph\">{\"@context\":\"https:\\\/\\\/schema.org\",\"@graph\":[{\"@type\":\"WebPage\",\"@id\":\"https:\\\/\\\/www.jovenesnucleares.org\\\/blog\\\/te-interesa\\\/12-meses-12-razones\\\/mayo\\\/\",\"url\":\"https:\\\/\\\/www.jovenesnucleares.org\\\/blog\\\/te-interesa\\\/12-meses-12-razones\\\/mayo\\\/\",\"name\":\"MAYO - J\u00f3venes Nucleares\",\"isPartOf\":{\"@id\":\"https:\\\/\\\/www.jovenesnucleares.org\\\/blog\\\/#website\"},\"primaryImageOfPage\":{\"@id\":\"https:\\\/\\\/www.jovenesnucleares.org\\\/blog\\\/te-interesa\\\/12-meses-12-razones\\\/mayo\\\/#primaryimage\"},\"image\":{\"@id\":\"https:\\\/\\\/www.jovenesnucleares.org\\\/blog\\\/te-interesa\\\/12-meses-12-razones\\\/mayo\\\/#primaryimage\"},\"thumbnailUrl\":\"http:\\\/\\\/www.jovenesnucleares.org\\\/blog\\\/wp-content\\\/uploads\\\/2017\\\/05\\\/12m12r-mayo.png\",\"datePublished\":\"2017-05-30T06:54:09+00:00\",\"dateModified\":\"2017-05-30T07:12:13+00:00\",\"breadcrumb\":{\"@id\":\"https:\\\/\\\/www.jovenesnucleares.org\\\/blog\\\/te-interesa\\\/12-meses-12-razones\\\/mayo\\\/#breadcrumb\"},\"inLanguage\":\"es\",\"potentialAction\":[{\"@type\":\"ReadAction\",\"target\":[\"https:\\\/\\\/www.jovenesnucleares.org\\\/blog\\\/te-interesa\\\/12-meses-12-razones\\\/mayo\\\/\"]}]},{\"@type\":\"ImageObject\",\"inLanguage\":\"es\",\"@id\":\"https:\\\/\\\/www.jovenesnucleares.org\\\/blog\\\/te-interesa\\\/12-meses-12-razones\\\/mayo\\\/#primaryimage\",\"url\":\"https:\\\/\\\/www.jovenesnucleares.org\\\/blog\\\/wp-content\\\/uploads\\\/2017\\\/05\\\/12m12r-mayo.png\",\"contentUrl\":\"https:\\\/\\\/www.jovenesnucleares.org\\\/blog\\\/wp-content\\\/uploads\\\/2017\\\/05\\\/12m12r-mayo.png\",\"width\":1022,\"height\":752},{\"@type\":\"BreadcrumbList\",\"@id\":\"https:\\\/\\\/www.jovenesnucleares.org\\\/blog\\\/te-interesa\\\/12-meses-12-razones\\\/mayo\\\/#breadcrumb\",\"itemListElement\":[{\"@type\":\"ListItem\",\"position\":1,\"name\":\"Portada\",\"item\":\"https:\\\/\\\/www.jovenesnucleares.org\\\/blog\\\/\"},{\"@type\":\"ListItem\",\"position\":2,\"name\":\"Te interesa\",\"item\":\"https:\\\/\\\/www.jovenesnucleares.org\\\/blog\\\/te-interesa\\\/\"},{\"@type\":\"ListItem\",\"position\":3,\"name\":\"12 meses 12 razones\",\"item\":\"https:\\\/\\\/www.jovenesnucleares.org\\\/blog\\\/te-interesa\\\/12-meses-12-razones\\\/\"},{\"@type\":\"ListItem\",\"position\":4,\"name\":\"MAYO\"}]},{\"@type\":\"WebSite\",\"@id\":\"https:\\\/\\\/www.jovenesnucleares.org\\\/blog\\\/#website\",\"url\":\"https:\\\/\\\/www.jovenesnucleares.org\\\/blog\\\/\",\"name\":\"J\u00f3venes Nucleares\",\"description\":\"Divulgaci\u00f3n de Ciencia y Tecnolog\u00eda Nuclear\",\"publisher\":{\"@id\":\"https:\\\/\\\/www.jovenesnucleares.org\\\/blog\\\/#organization\"},\"potentialAction\":[{\"@type\":\"SearchAction\",\"target\":{\"@type\":\"EntryPoint\",\"urlTemplate\":\"https:\\\/\\\/www.jovenesnucleares.org\\\/blog\\\/?s={search_term_string}\"},\"query-input\":{\"@type\":\"PropertyValueSpecification\",\"valueRequired\":true,\"valueName\":\"search_term_string\"}}],\"inLanguage\":\"es\"},{\"@type\":\"Organization\",\"@id\":\"https:\\\/\\\/www.jovenesnucleares.org\\\/blog\\\/#organization\",\"name\":\"J\u00f3venes Nucleares\",\"url\":\"https:\\\/\\\/www.jovenesnucleares.org\\\/blog\\\/\",\"logo\":{\"@type\":\"ImageObject\",\"inLanguage\":\"es\",\"@id\":\"https:\\\/\\\/www.jovenesnucleares.org\\\/blog\\\/#\\\/schema\\\/logo\\\/image\\\/\",\"url\":\"http:\\\/\\\/www.jovenesnucleares.org\\\/blog\\\/wp-content\\\/uploads\\\/2022\\\/01\\\/cropped-Logo-JJNN-principal-125px.png\",\"contentUrl\":\"http:\\\/\\\/www.jovenesnucleares.org\\\/blog\\\/wp-content\\\/uploads\\\/2022\\\/01\\\/cropped-Logo-JJNN-principal-125px.png\",\"width\":170,\"height\":70,\"caption\":\"J\u00f3venes Nucleares\"},\"image\":{\"@id\":\"https:\\\/\\\/www.jovenesnucleares.org\\\/blog\\\/#\\\/schema\\\/logo\\\/image\\\/\"},\"sameAs\":[\"https:\\\/\\\/www.facebook.com\\\/JovenesNucleares\",\"https:\\\/\\\/x.com\\\/jjnucleares\",\"https:\\\/\\\/www.instagram.com\\\/jjnucleares\\\/\",\"https:\\\/\\\/www.linkedin.com\\\/company\\\/jovenesnucleares\\\/\",\"https:\\\/\\\/www.youtube.com\\\/c\\\/JovenesNuclearesSNE\",\"https:\\\/\\\/es.wikipedia.org\\\/wiki\\\/Jovenes_Nucleares\"]}]}<\/script>\n<!-- \/ Yoast SEO plugin. -->","yoast_head_json":{"title":"MAYO - J\u00f3venes Nucleares","robots":{"index":"index","follow":"follow","max-snippet":"max-snippet:-1","max-image-preview":"max-image-preview:large","max-video-preview":"max-video-preview:-1"},"canonical":"https:\/\/www.jovenesnucleares.org\/blog\/te-interesa\/12-meses-12-razones\/mayo\/","og_locale":"es_ES","og_type":"article","og_title":"MAYO - J\u00f3venes Nucleares","og_description":"Adivina, adivinanza&#8230; Efectivamente, adem&aacute;s de la exportaci&oacute;n de jam&oacute;n y embutidos, la actividad econ&oacute;mica m&aacute;s importante de la provincia de Salamanca es la fabricaci&oacute;n de combustible nuclear para las centrales nucleares espa&ntilde;olas y europeas. Desde Juzbado, un peque&ntilde;o pueblo situado en el Campo de Ledesma, se suministra el uranio enriquecido, en forma de elementos de&hellip; Read more","og_url":"https:\/\/www.jovenesnucleares.org\/blog\/te-interesa\/12-meses-12-razones\/mayo\/","og_site_name":"J\u00f3venes Nucleares","article_publisher":"https:\/\/www.facebook.com\/JovenesNucleares","article_modified_time":"2017-05-30T07:12:13+00:00","og_image":[{"url":"http:\/\/www.jovenesnucleares.org\/blog\/wp-content\/uploads\/2017\/05\/12m12r-mayo.png","type":"","width":"","height":""}],"twitter_card":"summary_large_image","twitter_site":"@jjnucleares","twitter_misc":{"Tiempo de lectura":"2 minutos"},"schema":{"@context":"https:\/\/schema.org","@graph":[{"@type":"WebPage","@id":"https:\/\/www.jovenesnucleares.org\/blog\/te-interesa\/12-meses-12-razones\/mayo\/","url":"https:\/\/www.jovenesnucleares.org\/blog\/te-interesa\/12-meses-12-razones\/mayo\/","name":"MAYO - J\u00f3venes Nucleares","isPartOf":{"@id":"https:\/\/www.jovenesnucleares.org\/blog\/#website"},"primaryImageOfPage":{"@id":"https:\/\/www.jovenesnucleares.org\/blog\/te-interesa\/12-meses-12-razones\/mayo\/#primaryimage"},"image":{"@id":"https:\/\/www.jovenesnucleares.org\/blog\/te-interesa\/12-meses-12-razones\/mayo\/#primaryimage"},"thumbnailUrl":"http:\/\/www.jovenesnucleares.org\/blog\/wp-content\/uploads\/2017\/05\/12m12r-mayo.png","datePublished":"2017-05-30T06:54:09+00:00","dateModified":"2017-05-30T07:12:13+00:00","breadcrumb":{"@id":"https:\/\/www.jovenesnucleares.org\/blog\/te-interesa\/12-meses-12-razones\/mayo\/#breadcrumb"},"inLanguage":"es","potentialAction":[{"@type":"ReadAction","target":["https:\/\/www.jovenesnucleares.org\/blog\/te-interesa\/12-meses-12-razones\/mayo\/"]}]},{"@type":"ImageObject","inLanguage":"es","@id":"https:\/\/www.jovenesnucleares.org\/blog\/te-interesa\/12-meses-12-razones\/mayo\/#primaryimage","url":"https:\/\/www.jovenesnucleares.org\/blog\/wp-content\/uploads\/2017\/05\/12m12r-mayo.png","contentUrl":"https:\/\/www.jovenesnucleares.org\/blog\/wp-content\/uploads\/2017\/05\/12m12r-mayo.png","width":1022,"height":752},{"@type":"BreadcrumbList","@id":"https:\/\/www.jovenesnucleares.org\/blog\/te-interesa\/12-meses-12-razones\/mayo\/#breadcrumb","itemListElement":[{"@type":"ListItem","position":1,"name":"Portada","item":"https:\/\/www.jovenesnucleares.org\/blog\/"},{"@type":"ListItem","position":2,"name":"Te interesa","item":"https:\/\/www.jovenesnucleares.org\/blog\/te-interesa\/"},{"@type":"ListItem","position":3,"name":"12 meses 12 razones","item":"https:\/\/www.jovenesnucleares.org\/blog\/te-interesa\/12-meses-12-razones\/"},{"@type":"ListItem","position":4,"name":"MAYO"}]},{"@type":"WebSite","@id":"https:\/\/www.jovenesnucleares.org\/blog\/#website","url":"https:\/\/www.jovenesnucleares.org\/blog\/","name":"J\u00f3venes Nucleares","description":"Divulgaci\u00f3n de Ciencia y Tecnolog\u00eda Nuclear","publisher":{"@id":"https:\/\/www.jovenesnucleares.org\/blog\/#organization"},"potentialAction":[{"@type":"SearchAction","target":{"@type":"EntryPoint","urlTemplate":"https:\/\/www.jovenesnucleares.org\/blog\/?s={search_term_string}"},"query-input":{"@type":"PropertyValueSpecification","valueRequired":true,"valueName":"search_term_string"}}],"inLanguage":"es"},{"@type":"Organization","@id":"https:\/\/www.jovenesnucleares.org\/blog\/#organization","name":"J\u00f3venes Nucleares","url":"https:\/\/www.jovenesnucleares.org\/blog\/","logo":{"@type":"ImageObject","inLanguage":"es","@id":"https:\/\/www.jovenesnucleares.org\/blog\/#\/schema\/logo\/image\/","url":"http:\/\/www.jovenesnucleares.org\/blog\/wp-content\/uploads\/2022\/01\/cropped-Logo-JJNN-principal-125px.png","contentUrl":"http:\/\/www.jovenesnucleares.org\/blog\/wp-content\/uploads\/2022\/01\/cropped-Logo-JJNN-principal-125px.png","width":170,"height":70,"caption":"J\u00f3venes Nucleares"},"image":{"@id":"https:\/\/www.jovenesnucleares.org\/blog\/#\/schema\/logo\/image\/"},"sameAs":["https:\/\/www.facebook.com\/JovenesNucleares","https:\/\/x.com\/jjnucleares","https:\/\/www.instagram.com\/jjnucleares\/","https:\/\/www.linkedin.com\/company\/jovenesnucleares\/","https:\/\/www.youtube.com\/c\/JovenesNuclearesSNE","https:\/\/es.wikipedia.org\/wiki\/Jovenes_Nucleares"]}]}},"post_mailing_queue_ids":[],"_links":{"self":[{"href":"https:\/\/www.jovenesnucleares.org\/blog\/wp-json\/wp\/v2\/pages\/2607","targetHints":{"allow":["GET"]}}],"collection":[{"href":"https:\/\/www.jovenesnucleares.org\/blog\/wp-json\/wp\/v2\/pages"}],"about":[{"href":"https:\/\/www.jovenesnucleares.org\/blog\/wp-json\/wp\/v2\/types\/page"}],"author":[{"embeddable":true,"href":"https:\/\/www.jovenesnucleares.org\/blog\/wp-json\/wp\/v2\/users\/1"}],"replies":[{"embeddable":true,"href":"https:\/\/www.jovenesnucleares.org\/blog\/wp-json\/wp\/v2\/comments?post=2607"}],"version-history":[{"count":5,"href":"https:\/\/www.jovenesnucleares.org\/blog\/wp-json\/wp\/v2\/pages\/2607\/revisions"}],"predecessor-version":[{"id":2619,"href":"https:\/\/www.jovenesnucleares.org\/blog\/wp-json\/wp\/v2\/pages\/2607\/revisions\/2619"}],"up":[{"embeddable":true,"href":"https:\/\/www.jovenesnucleares.org\/blog\/wp-json\/wp\/v2\/pages\/2369"}],"wp:attachment":[{"href":"https:\/\/www.jovenesnucleares.org\/blog\/wp-json\/wp\/v2\/media?parent=2607"}],"curies":[{"name":"wp","href":"https:\/\/api.w.org\/{rel}","templated":true}]}}