{"id":2675,"date":"2017-06-28T09:36:53","date_gmt":"2017-06-28T07:36:53","guid":{"rendered":"http:\/\/www.jovenesnucleares.org\/blog\/?page_id=2675"},"modified":"2017-06-28T09:45:18","modified_gmt":"2017-06-28T07:45:18","slug":"reactores-reproductores","status":"publish","type":"page","link":"https:\/\/www.jovenesnucleares.org\/blog\/te-interesa\/articulos\/reactores-reproductores\/","title":{"rendered":"REACTORES REPRODUCTORES"},"content":{"rendered":"<p style=\"text-align: justify;\">\n\tEl ciclo de combustible nuclear, que comprende todas las fases del proceso desde la extracci&oacute;n de mineral de uranio hasta la gesti&oacute;n definitiva de los residuos generados por las centrales nucleares, es uno de los pilares fundamentales de la tecnolog&iacute;a nuclear.\n<\/p>\n<p style=\"text-align: justify;\">\n\t<a href=\"http:\/\/www.jovenesnucleares.org\/blog\/wp-content\/uploads\/2017\/06\/Ciclo_combustible_nuclear_CNEA.jpg\" rel=\"lightbox[2675]\"><img fetchpriority=\"high\" decoding=\"async\" alt=\"\" class=\"aligncenter size-full wp-image-2681\" height=\"339\" src=\"http:\/\/www.jovenesnucleares.org\/blog\/wp-content\/uploads\/2017\/06\/Ciclo_combustible_nuclear_CNEA.jpg\" width=\"622\" srcset=\"https:\/\/www.jovenesnucleares.org\/blog\/wp-content\/uploads\/2017\/06\/Ciclo_combustible_nuclear_CNEA.jpg 622w, https:\/\/www.jovenesnucleares.org\/blog\/wp-content\/uploads\/2017\/06\/Ciclo_combustible_nuclear_CNEA-300x164.jpg 300w\" sizes=\"(max-width: 622px) 100vw, 622px\" \/><\/a>\n<\/p>\n<p style=\"text-align: justify;\">\n\tComo tal, la investigaci&oacute;n y el desarrollo tecnol&oacute;gico en el sector deben trabajar para optimizar, sin comprometer los fundamentos de seguridad y protecci&oacute;n radiol&oacute;gica de las personas y el medioambiente, cada una de las etapas que componen el per&iacute;odo de vida industrial de este mineral.\n<\/p>\n<p style=\"text-align: justify;\">\n\t&nbsp;\n<\/p>\n<p style=\"text-align: justify;\">\n\tNo es casualidad que, habitualmente, se hable del uranio como combustible est&aacute;ndar de los reactores nucleares, puesto que se trata de un recurso extremadamente denso desde el punto de vista energ&eacute;tico: con tan s&oacute;lo una pastilla de di&oacute;xido de uranio (UO<sub>2<\/sub>) enriquecido al 5% se puede extraer la misma cantidad de energ&iacute;a que con 1 tonelada de carb&oacute;n, 565 litros de petr&oacute;leo o 480 m3 de gas natural.\n<\/p>\n<p style=\"text-align: justify;\">\n\t<a href=\"http:\/\/www.jovenesnucleares.org\/blog\/wp-content\/uploads\/2017\/06\/Equivalencias_abastecimiento_combustible.jpg\" rel=\"lightbox[2675]\"><img decoding=\"async\" alt=\"\" class=\"aligncenter size-full wp-image-2679\" height=\"218\" src=\"http:\/\/www.jovenesnucleares.org\/blog\/wp-content\/uploads\/2017\/06\/Equivalencias_abastecimiento_combustible.jpg\" width=\"650\" srcset=\"https:\/\/www.jovenesnucleares.org\/blog\/wp-content\/uploads\/2017\/06\/Equivalencias_abastecimiento_combustible.jpg 650w, https:\/\/www.jovenesnucleares.org\/blog\/wp-content\/uploads\/2017\/06\/Equivalencias_abastecimiento_combustible-300x101.jpg 300w, https:\/\/www.jovenesnucleares.org\/blog\/wp-content\/uploads\/2017\/06\/Equivalencias_abastecimiento_combustible-624x209.jpg 624w\" sizes=\"(max-width: 650px) 100vw, 650px\" \/><\/a>\n<\/p>\n<p style=\"text-align: justify;\">\n\tSin embargo, estos valores tan s&oacute;lo corresponden al 1% de toda la energ&iacute;a que, te&oacute;ricamente, se puede extraer del Uranio, ya que los reactores espa&ntilde;oles, moderados y refrigerados con agua ligera, no son capaces de elevar el grado de quemado del combustible (convencionalmente, la relaci&oacute;n de energ&iacute;a t&eacute;rmica obtenida en el reactor por tonelada de uranio) para alargar los ciclos de operaci&oacute;n m&aacute;s all&aacute; de los 24 meses.\n<\/p>\n<p style=\"text-align: justify;\">\n\tEsta barrera de dise&ntilde;o constituye una de las v&iacute;as de desarrollo de la tecnolog&iacute;a nuclear.\n<\/p>\n<p style=\"text-align: justify;\">\n\tLos llamados reactores reproductores, aquellos que durante su operaci&oacute;n inducen reacciones de captura neutr&oacute;nica en determinados is&oacute;topos presentes en el combustible, como el U-238 o el Th-232, produciendo cantidades significativas de nuevo material f&iacute;sil, son capaces de extraer un gran porcentaje de energ&iacute;a a partir del uranio presente inicialmente en el n&uacute;cleo.\n<\/p>\n<p style=\"text-align: justify;\">\n\t&nbsp;\n<\/p>\n<p style=\"text-align: justify;\">\n\tLlegados a este punto, cabe preguntarse &iquest;c&oacute;mo puede ser que, siendo m&aacute;s eficientes, este tipo de reactores no se haya implantado mayoritariamente en el mercado?\n<\/p>\n<p style=\"text-align: justify;\">\n\tSi bien es cierto que ya existen reactores reproductores comerciales en funcionamiento, el desarrollo hist&oacute;rico de la industria nuclear se centr&oacute; en los reactores de agua ligera (LWR), fundamentalmente por el hecho de que, generalmente, los reactores reproductores planteaban un riesgo mayor de proliferaci&oacute;n de armas nucleares.\n<\/p>\n<p style=\"text-align: justify;\">\n\tNo obstante, dado que todos los programas de armamento nuclear conocidos hasta ahora han empleado otras v&iacute;as para obtener plutonio y que hay dise&ntilde;os de reactores reproductores que limitan la producci&oacute;n de plutonio durante su operaci&oacute;n (produciendo al mismo tiempo diferentes is&oacute;topos de este elemento, haci&eacute;ndolo inservible para su uso militar), existe actualmente un renovado inter&eacute;s comercial en estos dise&ntilde;os.\n<\/p>\n<p style=\"text-align: justify;\">\n\t&nbsp;\n<\/p>\n<p style=\"text-align: justify;\">\n\tAhora bien, al introducir este art&iacute;culo se ha destacado la necesidad de cualquier innovaci&oacute;n respecto al ciclo de combustible nuclear debe implantarse, no s&oacute;lo atendiendo a la posibilidad de rentabilizar la tecnolog&iacute;a, sino siendo respetuosa con las personas y el medioambiente.\n<\/p>\n<p style=\"text-align: justify;\">\n\tEs aqu&iacute; donde se encuentra la otra gran virtud de los reactores reproductores, puesto que este tipo de reactores, al aprovechar el nuevo material f&iacute;sil inducido en el reactor, conlleva que la composici&oacute;n final del combustible irradiado en ellos sea, fundamentalmente, de productos de fisi&oacute;n, con una vida media m&aacute;xima de unos 30 a&ntilde;os.\n<\/p>\n<p style=\"text-align: justify;\">\n\tDe esta forma, los reactores reproductores, al limitar la presencia de act&iacute;nidos en el combustible nuclear irradiado, reducen el elevado nivel de actividad de los residuos radiactivos y, por tanto, disminuyen el tiempo que estos deben ser vigilados, desde un punto de vista radiol&oacute;gico.\n<\/p>\n<p style=\"text-align: justify;\">\n\t&nbsp;\n<\/p>\n<p style=\"text-align: justify;\">\n\tEn conclusi&oacute;n, no parece arriesgado afirmar que estos reactores, una vez alcancen la madurez tecnol&oacute;gica y su implantaci&oacute;n sea una realidad, contribuir&aacute;n a optimizar tanto la eficiencia energ&eacute;tica de las centrales nucleares, como la gesti&oacute;n final de los residuos radiactivos de alta actividad, permitiendo que, por fin, el ciclo del combustible nuclear pueda ser realmente cerrado.\n<\/p>\n<p style=\"text-align: right;\">\n\t<strong>Josep Rey Cases<\/strong>\n<\/p>\n<p style=\"text-align: right;\">\n\t<em>Miembro de J&oacute;venes Nucleares<\/em>\n<\/p>\n<p style=\"text-align: right;\">\n\t<em>28 de junio de 2017<\/em><\/p>\n","protected":false},"excerpt":{"rendered":"<p>El ciclo de combustible nuclear, que comprende todas las fases del proceso desde la extracci&oacute;n de mineral de uranio hasta la gesti&oacute;n definitiva de los residuos generados por las centrales nucleares, es uno de los pilares fundamentales de la tecnolog&iacute;a nuclear. Como tal, la investigaci&oacute;n y el desarrollo tecnol&oacute;gico en el sector deben trabajar para&hellip; <br \/> <a class=\"read-more\" href=\"https:\/\/www.jovenesnucleares.org\/blog\/te-interesa\/articulos\/reactores-reproductores\/\">Read more<\/a><\/p>\n","protected":false},"author":1,"featured_media":0,"parent":2382,"menu_order":4,"comment_status":"closed","ping_status":"closed","template":"","meta":{"footnotes":""},"class_list":["post-2675","page","type-page","status-publish","hentry"],"yoast_head":"<!-- This site is optimized with the Yoast SEO plugin v27.4 - https:\/\/yoast.com\/product\/yoast-seo-wordpress\/ -->\n<title>REACTORES REPRODUCTORES - J\u00f3venes Nucleares<\/title>\n<meta name=\"robots\" content=\"index, follow, max-snippet:-1, max-image-preview:large, max-video-preview:-1\" \/>\n<link rel=\"canonical\" href=\"https:\/\/www.jovenesnucleares.org\/blog\/te-interesa\/articulos\/reactores-reproductores\/\" \/>\n<meta property=\"og:locale\" content=\"es_ES\" \/>\n<meta property=\"og:type\" content=\"article\" \/>\n<meta property=\"og:title\" content=\"REACTORES REPRODUCTORES - J\u00f3venes Nucleares\" \/>\n<meta property=\"og:description\" content=\"El ciclo de combustible nuclear, que comprende todas las fases del proceso desde la extracci&oacute;n de mineral de uranio hasta la gesti&oacute;n definitiva de los residuos generados por las centrales nucleares, es uno de los pilares fundamentales de la tecnolog&iacute;a nuclear. Como tal, la investigaci&oacute;n y el desarrollo tecnol&oacute;gico en el sector deben trabajar para&hellip; Read more\" \/>\n<meta property=\"og:url\" content=\"https:\/\/www.jovenesnucleares.org\/blog\/te-interesa\/articulos\/reactores-reproductores\/\" \/>\n<meta property=\"og:site_name\" content=\"J\u00f3venes Nucleares\" \/>\n<meta property=\"article:publisher\" content=\"https:\/\/www.facebook.com\/JovenesNucleares\" \/>\n<meta property=\"article:modified_time\" content=\"2017-06-28T07:45:18+00:00\" \/>\n<meta property=\"og:image\" content=\"http:\/\/www.jovenesnucleares.org\/blog\/wp-content\/uploads\/2017\/06\/Ciclo_combustible_nuclear_CNEA.jpg\" \/>\n<meta name=\"twitter:card\" content=\"summary_large_image\" \/>\n<meta name=\"twitter:site\" content=\"@jjnucleares\" \/>\n<meta name=\"twitter:label1\" content=\"Tiempo de lectura\" \/>\n\t<meta name=\"twitter:data1\" content=\"4 minutos\" \/>\n<script type=\"application\/ld+json\" class=\"yoast-schema-graph\">{\"@context\":\"https:\\\/\\\/schema.org\",\"@graph\":[{\"@type\":\"WebPage\",\"@id\":\"https:\\\/\\\/www.jovenesnucleares.org\\\/blog\\\/te-interesa\\\/articulos\\\/reactores-reproductores\\\/\",\"url\":\"https:\\\/\\\/www.jovenesnucleares.org\\\/blog\\\/te-interesa\\\/articulos\\\/reactores-reproductores\\\/\",\"name\":\"REACTORES REPRODUCTORES - J\u00f3venes Nucleares\",\"isPartOf\":{\"@id\":\"https:\\\/\\\/www.jovenesnucleares.org\\\/blog\\\/#website\"},\"primaryImageOfPage\":{\"@id\":\"https:\\\/\\\/www.jovenesnucleares.org\\\/blog\\\/te-interesa\\\/articulos\\\/reactores-reproductores\\\/#primaryimage\"},\"image\":{\"@id\":\"https:\\\/\\\/www.jovenesnucleares.org\\\/blog\\\/te-interesa\\\/articulos\\\/reactores-reproductores\\\/#primaryimage\"},\"thumbnailUrl\":\"http:\\\/\\\/www.jovenesnucleares.org\\\/blog\\\/wp-content\\\/uploads\\\/2017\\\/06\\\/Ciclo_combustible_nuclear_CNEA.jpg\",\"datePublished\":\"2017-06-28T07:36:53+00:00\",\"dateModified\":\"2017-06-28T07:45:18+00:00\",\"breadcrumb\":{\"@id\":\"https:\\\/\\\/www.jovenesnucleares.org\\\/blog\\\/te-interesa\\\/articulos\\\/reactores-reproductores\\\/#breadcrumb\"},\"inLanguage\":\"es\",\"potentialAction\":[{\"@type\":\"ReadAction\",\"target\":[\"https:\\\/\\\/www.jovenesnucleares.org\\\/blog\\\/te-interesa\\\/articulos\\\/reactores-reproductores\\\/\"]}]},{\"@type\":\"ImageObject\",\"inLanguage\":\"es\",\"@id\":\"https:\\\/\\\/www.jovenesnucleares.org\\\/blog\\\/te-interesa\\\/articulos\\\/reactores-reproductores\\\/#primaryimage\",\"url\":\"https:\\\/\\\/www.jovenesnucleares.org\\\/blog\\\/wp-content\\\/uploads\\\/2017\\\/06\\\/Ciclo_combustible_nuclear_CNEA.jpg\",\"contentUrl\":\"https:\\\/\\\/www.jovenesnucleares.org\\\/blog\\\/wp-content\\\/uploads\\\/2017\\\/06\\\/Ciclo_combustible_nuclear_CNEA.jpg\",\"width\":622,\"height\":339},{\"@type\":\"BreadcrumbList\",\"@id\":\"https:\\\/\\\/www.jovenesnucleares.org\\\/blog\\\/te-interesa\\\/articulos\\\/reactores-reproductores\\\/#breadcrumb\",\"itemListElement\":[{\"@type\":\"ListItem\",\"position\":1,\"name\":\"Portada\",\"item\":\"https:\\\/\\\/www.jovenesnucleares.org\\\/blog\\\/\"},{\"@type\":\"ListItem\",\"position\":2,\"name\":\"Te interesa\",\"item\":\"https:\\\/\\\/www.jovenesnucleares.org\\\/blog\\\/te-interesa\\\/\"},{\"@type\":\"ListItem\",\"position\":3,\"name\":\"Art\u00edculos\",\"item\":\"https:\\\/\\\/www.jovenesnucleares.org\\\/blog\\\/te-interesa\\\/articulos\\\/\"},{\"@type\":\"ListItem\",\"position\":4,\"name\":\"REACTORES REPRODUCTORES\"}]},{\"@type\":\"WebSite\",\"@id\":\"https:\\\/\\\/www.jovenesnucleares.org\\\/blog\\\/#website\",\"url\":\"https:\\\/\\\/www.jovenesnucleares.org\\\/blog\\\/\",\"name\":\"J\u00f3venes Nucleares\",\"description\":\"Divulgaci\u00f3n de Ciencia y Tecnolog\u00eda Nuclear\",\"publisher\":{\"@id\":\"https:\\\/\\\/www.jovenesnucleares.org\\\/blog\\\/#organization\"},\"potentialAction\":[{\"@type\":\"SearchAction\",\"target\":{\"@type\":\"EntryPoint\",\"urlTemplate\":\"https:\\\/\\\/www.jovenesnucleares.org\\\/blog\\\/?s={search_term_string}\"},\"query-input\":{\"@type\":\"PropertyValueSpecification\",\"valueRequired\":true,\"valueName\":\"search_term_string\"}}],\"inLanguage\":\"es\"},{\"@type\":\"Organization\",\"@id\":\"https:\\\/\\\/www.jovenesnucleares.org\\\/blog\\\/#organization\",\"name\":\"J\u00f3venes Nucleares\",\"url\":\"https:\\\/\\\/www.jovenesnucleares.org\\\/blog\\\/\",\"logo\":{\"@type\":\"ImageObject\",\"inLanguage\":\"es\",\"@id\":\"https:\\\/\\\/www.jovenesnucleares.org\\\/blog\\\/#\\\/schema\\\/logo\\\/image\\\/\",\"url\":\"http:\\\/\\\/www.jovenesnucleares.org\\\/blog\\\/wp-content\\\/uploads\\\/2022\\\/01\\\/cropped-Logo-JJNN-principal-125px.png\",\"contentUrl\":\"http:\\\/\\\/www.jovenesnucleares.org\\\/blog\\\/wp-content\\\/uploads\\\/2022\\\/01\\\/cropped-Logo-JJNN-principal-125px.png\",\"width\":170,\"height\":70,\"caption\":\"J\u00f3venes Nucleares\"},\"image\":{\"@id\":\"https:\\\/\\\/www.jovenesnucleares.org\\\/blog\\\/#\\\/schema\\\/logo\\\/image\\\/\"},\"sameAs\":[\"https:\\\/\\\/www.facebook.com\\\/JovenesNucleares\",\"https:\\\/\\\/x.com\\\/jjnucleares\",\"https:\\\/\\\/www.instagram.com\\\/jjnucleares\\\/\",\"https:\\\/\\\/www.linkedin.com\\\/company\\\/jovenesnucleares\\\/\",\"https:\\\/\\\/www.youtube.com\\\/c\\\/JovenesNuclearesSNE\",\"https:\\\/\\\/es.wikipedia.org\\\/wiki\\\/Jovenes_Nucleares\"]}]}<\/script>\n<!-- \/ Yoast SEO plugin. -->","yoast_head_json":{"title":"REACTORES REPRODUCTORES - J\u00f3venes Nucleares","robots":{"index":"index","follow":"follow","max-snippet":"max-snippet:-1","max-image-preview":"max-image-preview:large","max-video-preview":"max-video-preview:-1"},"canonical":"https:\/\/www.jovenesnucleares.org\/blog\/te-interesa\/articulos\/reactores-reproductores\/","og_locale":"es_ES","og_type":"article","og_title":"REACTORES REPRODUCTORES - J\u00f3venes Nucleares","og_description":"El ciclo de combustible nuclear, que comprende todas las fases del proceso desde la extracci&oacute;n de mineral de uranio hasta la gesti&oacute;n definitiva de los residuos generados por las centrales nucleares, es uno de los pilares fundamentales de la tecnolog&iacute;a nuclear. Como tal, la investigaci&oacute;n y el desarrollo tecnol&oacute;gico en el sector deben trabajar para&hellip; Read more","og_url":"https:\/\/www.jovenesnucleares.org\/blog\/te-interesa\/articulos\/reactores-reproductores\/","og_site_name":"J\u00f3venes Nucleares","article_publisher":"https:\/\/www.facebook.com\/JovenesNucleares","article_modified_time":"2017-06-28T07:45:18+00:00","og_image":[{"url":"http:\/\/www.jovenesnucleares.org\/blog\/wp-content\/uploads\/2017\/06\/Ciclo_combustible_nuclear_CNEA.jpg","type":"","width":"","height":""}],"twitter_card":"summary_large_image","twitter_site":"@jjnucleares","twitter_misc":{"Tiempo de lectura":"4 minutos"},"schema":{"@context":"https:\/\/schema.org","@graph":[{"@type":"WebPage","@id":"https:\/\/www.jovenesnucleares.org\/blog\/te-interesa\/articulos\/reactores-reproductores\/","url":"https:\/\/www.jovenesnucleares.org\/blog\/te-interesa\/articulos\/reactores-reproductores\/","name":"REACTORES REPRODUCTORES - J\u00f3venes Nucleares","isPartOf":{"@id":"https:\/\/www.jovenesnucleares.org\/blog\/#website"},"primaryImageOfPage":{"@id":"https:\/\/www.jovenesnucleares.org\/blog\/te-interesa\/articulos\/reactores-reproductores\/#primaryimage"},"image":{"@id":"https:\/\/www.jovenesnucleares.org\/blog\/te-interesa\/articulos\/reactores-reproductores\/#primaryimage"},"thumbnailUrl":"http:\/\/www.jovenesnucleares.org\/blog\/wp-content\/uploads\/2017\/06\/Ciclo_combustible_nuclear_CNEA.jpg","datePublished":"2017-06-28T07:36:53+00:00","dateModified":"2017-06-28T07:45:18+00:00","breadcrumb":{"@id":"https:\/\/www.jovenesnucleares.org\/blog\/te-interesa\/articulos\/reactores-reproductores\/#breadcrumb"},"inLanguage":"es","potentialAction":[{"@type":"ReadAction","target":["https:\/\/www.jovenesnucleares.org\/blog\/te-interesa\/articulos\/reactores-reproductores\/"]}]},{"@type":"ImageObject","inLanguage":"es","@id":"https:\/\/www.jovenesnucleares.org\/blog\/te-interesa\/articulos\/reactores-reproductores\/#primaryimage","url":"https:\/\/www.jovenesnucleares.org\/blog\/wp-content\/uploads\/2017\/06\/Ciclo_combustible_nuclear_CNEA.jpg","contentUrl":"https:\/\/www.jovenesnucleares.org\/blog\/wp-content\/uploads\/2017\/06\/Ciclo_combustible_nuclear_CNEA.jpg","width":622,"height":339},{"@type":"BreadcrumbList","@id":"https:\/\/www.jovenesnucleares.org\/blog\/te-interesa\/articulos\/reactores-reproductores\/#breadcrumb","itemListElement":[{"@type":"ListItem","position":1,"name":"Portada","item":"https:\/\/www.jovenesnucleares.org\/blog\/"},{"@type":"ListItem","position":2,"name":"Te interesa","item":"https:\/\/www.jovenesnucleares.org\/blog\/te-interesa\/"},{"@type":"ListItem","position":3,"name":"Art\u00edculos","item":"https:\/\/www.jovenesnucleares.org\/blog\/te-interesa\/articulos\/"},{"@type":"ListItem","position":4,"name":"REACTORES REPRODUCTORES"}]},{"@type":"WebSite","@id":"https:\/\/www.jovenesnucleares.org\/blog\/#website","url":"https:\/\/www.jovenesnucleares.org\/blog\/","name":"J\u00f3venes Nucleares","description":"Divulgaci\u00f3n de Ciencia y Tecnolog\u00eda Nuclear","publisher":{"@id":"https:\/\/www.jovenesnucleares.org\/blog\/#organization"},"potentialAction":[{"@type":"SearchAction","target":{"@type":"EntryPoint","urlTemplate":"https:\/\/www.jovenesnucleares.org\/blog\/?s={search_term_string}"},"query-input":{"@type":"PropertyValueSpecification","valueRequired":true,"valueName":"search_term_string"}}],"inLanguage":"es"},{"@type":"Organization","@id":"https:\/\/www.jovenesnucleares.org\/blog\/#organization","name":"J\u00f3venes Nucleares","url":"https:\/\/www.jovenesnucleares.org\/blog\/","logo":{"@type":"ImageObject","inLanguage":"es","@id":"https:\/\/www.jovenesnucleares.org\/blog\/#\/schema\/logo\/image\/","url":"http:\/\/www.jovenesnucleares.org\/blog\/wp-content\/uploads\/2022\/01\/cropped-Logo-JJNN-principal-125px.png","contentUrl":"http:\/\/www.jovenesnucleares.org\/blog\/wp-content\/uploads\/2022\/01\/cropped-Logo-JJNN-principal-125px.png","width":170,"height":70,"caption":"J\u00f3venes Nucleares"},"image":{"@id":"https:\/\/www.jovenesnucleares.org\/blog\/#\/schema\/logo\/image\/"},"sameAs":["https:\/\/www.facebook.com\/JovenesNucleares","https:\/\/x.com\/jjnucleares","https:\/\/www.instagram.com\/jjnucleares\/","https:\/\/www.linkedin.com\/company\/jovenesnucleares\/","https:\/\/www.youtube.com\/c\/JovenesNuclearesSNE","https:\/\/es.wikipedia.org\/wiki\/Jovenes_Nucleares"]}]}},"post_mailing_queue_ids":[],"_links":{"self":[{"href":"https:\/\/www.jovenesnucleares.org\/blog\/wp-json\/wp\/v2\/pages\/2675","targetHints":{"allow":["GET"]}}],"collection":[{"href":"https:\/\/www.jovenesnucleares.org\/blog\/wp-json\/wp\/v2\/pages"}],"about":[{"href":"https:\/\/www.jovenesnucleares.org\/blog\/wp-json\/wp\/v2\/types\/page"}],"author":[{"embeddable":true,"href":"https:\/\/www.jovenesnucleares.org\/blog\/wp-json\/wp\/v2\/users\/1"}],"replies":[{"embeddable":true,"href":"https:\/\/www.jovenesnucleares.org\/blog\/wp-json\/wp\/v2\/comments?post=2675"}],"version-history":[{"count":3,"href":"https:\/\/www.jovenesnucleares.org\/blog\/wp-json\/wp\/v2\/pages\/2675\/revisions"}],"predecessor-version":[{"id":2682,"href":"https:\/\/www.jovenesnucleares.org\/blog\/wp-json\/wp\/v2\/pages\/2675\/revisions\/2682"}],"up":[{"embeddable":true,"href":"https:\/\/www.jovenesnucleares.org\/blog\/wp-json\/wp\/v2\/pages\/2382"}],"wp:attachment":[{"href":"https:\/\/www.jovenesnucleares.org\/blog\/wp-json\/wp\/v2\/media?parent=2675"}],"curies":[{"name":"wp","href":"https:\/\/api.w.org\/{rel}","templated":true}]}}