{"id":3005,"date":"2017-11-27T11:58:49","date_gmt":"2017-11-27T09:58:49","guid":{"rendered":"http:\/\/www.jovenesnucleares.org\/blog\/?page_id=3005"},"modified":"2017-11-27T12:06:39","modified_gmt":"2017-11-27T10:06:39","slug":"noviembre","status":"publish","type":"page","link":"https:\/\/www.jovenesnucleares.org\/blog\/te-interesa\/12-meses-12-razones\/noviembre\/","title":{"rendered":"NOVIEMBRE"},"content":{"rendered":"<p style=\"text-align: justify;\">\n\t<em>Darwinismo tecnol&oacute;gico: innovar o desaparecer.<\/em>\n<\/p>\n<p>\n\t<a href=\"http:\/\/www.jovenesnucleares.org\/blog\/wp-content\/uploads\/2017\/11\/12m12r-nov.png\" rel=\"lightbox[3005]\"><img fetchpriority=\"high\" decoding=\"async\" alt=\"\" class=\"aligncenter size-large wp-image-3006\" height=\"443\" src=\"http:\/\/www.jovenesnucleares.org\/blog\/wp-content\/uploads\/2017\/11\/12m12r-nov-1024x725.png\" width=\"625\" srcset=\"https:\/\/www.jovenesnucleares.org\/blog\/wp-content\/uploads\/2017\/11\/12m12r-nov-1024x725.png 1024w, https:\/\/www.jovenesnucleares.org\/blog\/wp-content\/uploads\/2017\/11\/12m12r-nov-300x212.png 300w, https:\/\/www.jovenesnucleares.org\/blog\/wp-content\/uploads\/2017\/11\/12m12r-nov-768x544.png 768w, https:\/\/www.jovenesnucleares.org\/blog\/wp-content\/uploads\/2017\/11\/12m12r-nov-624x442.png 624w, https:\/\/www.jovenesnucleares.org\/blog\/wp-content\/uploads\/2017\/11\/12m12r-nov.png 1502w\" sizes=\"(max-width: 625px) 100vw, 625px\" \/><\/a>\n<\/p>\n<p style=\"text-align: justify;\">\n\tSolemos definir la innovaci&oacute;n, seg&uacute;n recoge el <a href=\"http:\/\/portal.uned.es\/pls\/portal\/docs\/PAGE\/UNED_MAIN\/LAUNIVERSIDAD\/VICERRECTORADOS\/INVESTIGACION\/O.T.R.I\/DEDUCCIONES%20FISCALES%20POR%20INNOVACION\/RESUMEN%20MANUAL%20DE%20OSLO\/OECDOSLOMANUAL05_SPA.PDF\">Manual de Oslo de la OCDE<\/a>, como la implementaci&oacute;n de una nueva o significativa mejora de un producto o proceso, un nuevo m&eacute;todo de mercadotecnia, o un nuevo m&eacute;todo organizacional en las pr&aacute;cticas de negocios y organizativas en el lugar de trabajo de una organizaci&oacute;n o en sus relaciones externas.\n<\/p>\n<p style=\"text-align: justify;\">\n\tEl conocimiento cient&iacute;fico, el desarrollo tecnol&oacute;gico y la innovaci&oacute;n representan actividades esenciales en el progreso econ&oacute;mico y social de cualquier pa&iacute;s.\n<\/p>\n<p style=\"text-align: justify;\">\n\tEn Espa&ntilde;a, dicha importancia queda reflejada en los datos recogidos por la <a href=\"http:\/\/www.idi.mineco.gob.es\/stfls\/MICINN\/Investigacion\/FICHEROS\/Estadisticas_Indicadores\/Indicadores_SECYT_2016.pdf\">Fundaci&oacute;n Espa&ntilde;ola para la Ciencia y Tecnolog&iacute;a (FECYT)<\/a>, seg&uacute;n los cuales, en el a&ntilde;o 2014, el n&uacute;mero de empresas con innovaci&oacute;n tecnol&oacute;gica en nuestro pa&iacute;s ascend&iacute;a a 18.511 y los gastos dedicados a actividades de innovaci&oacute;n fueron de 12.960 M&euro;. Adem&aacute;s, m&aacute;s de 7.000 empresas realizaban actividades directas de I+D (lo que representaba el 5,5% del total del tejido empresarial espa&ntilde;ol) contribuyendo a que el 13,14% de la cifra de negocios de las empresas fuese resultado de introducir productos innovadores.\n<\/p>\n<p style=\"text-align: justify;\">\n\t&nbsp;\n<\/p>\n<p style=\"text-align: justify;\">\n\tEn el caso del sector nuclear, esta importancia se hace m&aacute;s patente ante la necesidad de mantenerse a la vanguardia en materias como la <a href=\"http:\/\/www.jovenesnucleares.org\/blog\/campana-12-meses-12-razones\/junio\/\">seguridad de las instalaciones<\/a> o la <a href=\"http:\/\/www.jovenesnucleares.org\/blog\/articulos\/agp\/\">gesti&oacute;n integral de los residuos radiactivos<\/a>.\n<\/p>\n<p style=\"text-align: justify;\">\n\tM&aacute;s concretamente, la industria nuclear espa&ntilde;ola, conformada por diferentes empresas altamente competitivas, consolidadas y experimentadas, ha evolucionado seg&uacute;n las circunstancias de cada momento, aportando valor a todas las actividades de la actividad nuclear e incorporando nuevas tecnolog&iacute;as adaptadas a las necesidades y requisitos. Una muestra de estos esfuerzos se encuentra en el hecho de que <a href=\"http:\/\/www.foronuclear.org\/images\/stories\/recursos\/publicaciones\/2015\/Impacto_sociecon%C3%B3mico_de_la_industria_nuclear_en_Espa%C3%B1a.pdf\">la industria nuclear espa&ntilde;ola invierte m&aacute;s de 70 M&euro; anuales en programas de I+D+i<\/a>, cifra superior a la de otros sectores significativos como el textil, la construcci&oacute;n naval o la metalurgia.\n<\/p>\n<p style=\"text-align: justify;\">\n\t<a href=\"http:\/\/www.jovenesnucleares.org\/blog\/wp-content\/uploads\/2017\/11\/IDi_foronuclear.png\" rel=\"\" style=\"\" target=\"\" title=\"\" rel=\"lightbox[3005]\"><img decoding=\"async\" alt=\"\" class=\"aligncenter size-full wp-image-3007\" height=\"448\" src=\"http:\/\/www.jovenesnucleares.org\/blog\/wp-content\/uploads\/2017\/11\/IDi_foronuclear.png\" style=\"\" title=\"\" width=\"546\" srcset=\"https:\/\/www.jovenesnucleares.org\/blog\/wp-content\/uploads\/2017\/11\/IDi_foronuclear.png 683w, https:\/\/www.jovenesnucleares.org\/blog\/wp-content\/uploads\/2017\/11\/IDi_foronuclear-300x246.png 300w, https:\/\/www.jovenesnucleares.org\/blog\/wp-content\/uploads\/2017\/11\/IDi_foronuclear-624x512.png 624w\" sizes=\"(max-width: 546px) 100vw, 546px\" \/><\/a>\n<\/p>\n<p style=\"text-align: justify;\">\n\tEn nuestro pa&iacute;s, gran parte de las actividades de innovaci&oacute;n del &aacute;mbito nuclear se coordinan a trav&eacute;s de <a href=\"https:\/\/twitter.com\/ceiden_es\">CEIDEN<\/a>, una plataforma tecnol&oacute;gica que engloba, no s&oacute;lo a las empresas, sino tambi&eacute;n a los centros de investigaci&oacute;n y universidades, con la intenci&oacute;n de lograr que todos los actores del sector est&eacute;n presentes en los proyectos internacionales m&aacute;s importantes de investigaci&oacute;n y desarrollo de <a href=\"http:\/\/www.jovenesnucleares.org\/blog\/articulos\/gen-iv\/\">reactores avanzados<\/a>, energ&iacute;a nuclear de fusi&oacute;n (como <a href=\"https:\/\/www.iter.org\/\">ITER<\/a>) y <a href=\"https:\/\/www.i-cpan.es\/lhc-es.php\">f&iacute;sica de altas energ&iacute;as<\/a>.\n<\/p>\n<p style=\"text-align: justify;\">\n\t<a href=\"http:\/\/www.jovenesnucleares.org\/blog\/wp-content\/uploads\/2017\/11\/PET_CT_Idi_nuclear.jpg\" rel=\"\" style=\"\" target=\"\" title=\"\" rel=\"lightbox[3005]\"><div id=\"attachment_3008\" style=\"width: 460px\" class=\"wp-caption aligncenter\"><img decoding=\"async\" aria-describedby=\"caption-attachment-3008\" alt=\"\" class=\"size-full wp-image-3008 aligncenter\" height=\"225\" src=\"http:\/\/www.jovenesnucleares.org\/blog\/wp-content\/uploads\/2017\/11\/PET_CT_Idi_nuclear.jpg\" style=\"\" title=\"\" width=\"700\" srcset=\"https:\/\/www.jovenesnucleares.org\/blog\/wp-content\/uploads\/2017\/11\/PET_CT_Idi_nuclear.jpg 450w, https:\/\/www.jovenesnucleares.org\/blog\/wp-content\/uploads\/2017\/11\/PET_CT_Idi_nuclear-300x97.jpg 300w\" sizes=\"(max-width: 700px) 100vw, 700px\" \/><p id=\"caption-attachment-3008\" class=\"wp-caption-text\">Los experimentos del CERN han permitido desarrollar un esc&aacute;ner de radiodiagn&oacute;stico PET\/CT, que combina la tomograf&iacute;a computerizada (utilizada para obtener im&aacute;genes de la estructura y anatom&iacute;a del cuerpo humano) con la tomograf&iacute;a por emisi&oacute;n de positrones (dirigida a funciones bioqu&iacute;micas y metab&oacute;licas), dotando a los m&eacute;dicos con im&aacute;genes pr&aacute;cticamente perfectas para diagnosticar el c&aacute;ncer y planificar su tratamiento.<\/p><\/div><\/a>\n<\/p>\n<p style=\"text-align: justify;\">\n\tEn definitiva, podemos decir que la actividad de la industria nuclear espa&ntilde;ola es garant&iacute;a de que la tecnolog&iacute;a nuclear no s&oacute;lo se mantiene, sino que se sigue desarrollando para apoyar a las centrales actualmente en operaci&oacute;n, tanto dentro como fuera de nuestras fronteras, atendiendo a un mercado en crecimiento y participando en los programas internacionales m&aacute;s significativos.<\/p>\n","protected":false},"excerpt":{"rendered":"<p>Darwinismo tecnol&oacute;gico: innovar o desaparecer. Solemos definir la innovaci&oacute;n, seg&uacute;n recoge el Manual de Oslo de la OCDE, como la implementaci&oacute;n de una nueva o significativa mejora de un producto o proceso, un nuevo m&eacute;todo de mercadotecnia, o un nuevo m&eacute;todo organizacional en las pr&aacute;cticas de negocios y organizativas en el lugar de trabajo de&hellip; <br \/> <a class=\"read-more\" href=\"https:\/\/www.jovenesnucleares.org\/blog\/te-interesa\/12-meses-12-razones\/noviembre\/\">Read more<\/a><\/p>\n","protected":false},"author":1,"featured_media":0,"parent":2369,"menu_order":11,"comment_status":"closed","ping_status":"closed","template":"","meta":{"footnotes":""},"class_list":["post-3005","page","type-page","status-publish","hentry"],"yoast_head":"<!-- This site is optimized with the Yoast SEO plugin v27.4 - https:\/\/yoast.com\/product\/yoast-seo-wordpress\/ -->\n<title>NOVIEMBRE - J\u00f3venes Nucleares<\/title>\n<meta name=\"robots\" content=\"index, follow, max-snippet:-1, max-image-preview:large, max-video-preview:-1\" \/>\n<link rel=\"canonical\" href=\"https:\/\/www.jovenesnucleares.org\/blog\/te-interesa\/12-meses-12-razones\/noviembre\/\" \/>\n<meta property=\"og:locale\" content=\"es_ES\" \/>\n<meta property=\"og:type\" content=\"article\" \/>\n<meta property=\"og:title\" content=\"NOVIEMBRE - J\u00f3venes Nucleares\" \/>\n<meta property=\"og:description\" content=\"Darwinismo tecnol&oacute;gico: innovar o desaparecer. Solemos definir la innovaci&oacute;n, seg&uacute;n recoge el Manual de Oslo de la OCDE, como la implementaci&oacute;n de una nueva o significativa mejora de un producto o proceso, un nuevo m&eacute;todo de mercadotecnia, o un nuevo m&eacute;todo organizacional en las pr&aacute;cticas de negocios y organizativas en el lugar de trabajo de&hellip; Read more\" \/>\n<meta property=\"og:url\" content=\"https:\/\/www.jovenesnucleares.org\/blog\/te-interesa\/12-meses-12-razones\/noviembre\/\" \/>\n<meta property=\"og:site_name\" content=\"J\u00f3venes Nucleares\" \/>\n<meta property=\"article:publisher\" content=\"https:\/\/www.facebook.com\/JovenesNucleares\" \/>\n<meta property=\"article:modified_time\" content=\"2017-11-27T10:06:39+00:00\" \/>\n<meta property=\"og:image\" content=\"http:\/\/www.jovenesnucleares.org\/blog\/wp-content\/uploads\/2017\/11\/12m12r-nov-1024x725.png\" \/>\n<meta name=\"twitter:card\" content=\"summary_large_image\" \/>\n<meta name=\"twitter:site\" content=\"@jjnucleares\" \/>\n<meta name=\"twitter:label1\" content=\"Tiempo de lectura\" \/>\n\t<meta name=\"twitter:data1\" content=\"3 minutos\" \/>\n<script type=\"application\/ld+json\" class=\"yoast-schema-graph\">{\"@context\":\"https:\\\/\\\/schema.org\",\"@graph\":[{\"@type\":\"WebPage\",\"@id\":\"https:\\\/\\\/www.jovenesnucleares.org\\\/blog\\\/te-interesa\\\/12-meses-12-razones\\\/noviembre\\\/\",\"url\":\"https:\\\/\\\/www.jovenesnucleares.org\\\/blog\\\/te-interesa\\\/12-meses-12-razones\\\/noviembre\\\/\",\"name\":\"NOVIEMBRE - J\u00f3venes Nucleares\",\"isPartOf\":{\"@id\":\"https:\\\/\\\/www.jovenesnucleares.org\\\/blog\\\/#website\"},\"primaryImageOfPage\":{\"@id\":\"https:\\\/\\\/www.jovenesnucleares.org\\\/blog\\\/te-interesa\\\/12-meses-12-razones\\\/noviembre\\\/#primaryimage\"},\"image\":{\"@id\":\"https:\\\/\\\/www.jovenesnucleares.org\\\/blog\\\/te-interesa\\\/12-meses-12-razones\\\/noviembre\\\/#primaryimage\"},\"thumbnailUrl\":\"http:\\\/\\\/www.jovenesnucleares.org\\\/blog\\\/wp-content\\\/uploads\\\/2017\\\/11\\\/12m12r-nov-1024x725.png\",\"datePublished\":\"2017-11-27T09:58:49+00:00\",\"dateModified\":\"2017-11-27T10:06:39+00:00\",\"breadcrumb\":{\"@id\":\"https:\\\/\\\/www.jovenesnucleares.org\\\/blog\\\/te-interesa\\\/12-meses-12-razones\\\/noviembre\\\/#breadcrumb\"},\"inLanguage\":\"es\",\"potentialAction\":[{\"@type\":\"ReadAction\",\"target\":[\"https:\\\/\\\/www.jovenesnucleares.org\\\/blog\\\/te-interesa\\\/12-meses-12-razones\\\/noviembre\\\/\"]}]},{\"@type\":\"ImageObject\",\"inLanguage\":\"es\",\"@id\":\"https:\\\/\\\/www.jovenesnucleares.org\\\/blog\\\/te-interesa\\\/12-meses-12-razones\\\/noviembre\\\/#primaryimage\",\"url\":\"https:\\\/\\\/www.jovenesnucleares.org\\\/blog\\\/wp-content\\\/uploads\\\/2017\\\/11\\\/12m12r-nov.png\",\"contentUrl\":\"https:\\\/\\\/www.jovenesnucleares.org\\\/blog\\\/wp-content\\\/uploads\\\/2017\\\/11\\\/12m12r-nov.png\",\"width\":1502,\"height\":1063},{\"@type\":\"BreadcrumbList\",\"@id\":\"https:\\\/\\\/www.jovenesnucleares.org\\\/blog\\\/te-interesa\\\/12-meses-12-razones\\\/noviembre\\\/#breadcrumb\",\"itemListElement\":[{\"@type\":\"ListItem\",\"position\":1,\"name\":\"Portada\",\"item\":\"https:\\\/\\\/www.jovenesnucleares.org\\\/blog\\\/\"},{\"@type\":\"ListItem\",\"position\":2,\"name\":\"Te interesa\",\"item\":\"https:\\\/\\\/www.jovenesnucleares.org\\\/blog\\\/te-interesa\\\/\"},{\"@type\":\"ListItem\",\"position\":3,\"name\":\"12 meses 12 razones\",\"item\":\"https:\\\/\\\/www.jovenesnucleares.org\\\/blog\\\/te-interesa\\\/12-meses-12-razones\\\/\"},{\"@type\":\"ListItem\",\"position\":4,\"name\":\"NOVIEMBRE\"}]},{\"@type\":\"WebSite\",\"@id\":\"https:\\\/\\\/www.jovenesnucleares.org\\\/blog\\\/#website\",\"url\":\"https:\\\/\\\/www.jovenesnucleares.org\\\/blog\\\/\",\"name\":\"J\u00f3venes Nucleares\",\"description\":\"Divulgaci\u00f3n de Ciencia y Tecnolog\u00eda Nuclear\",\"publisher\":{\"@id\":\"https:\\\/\\\/www.jovenesnucleares.org\\\/blog\\\/#organization\"},\"potentialAction\":[{\"@type\":\"SearchAction\",\"target\":{\"@type\":\"EntryPoint\",\"urlTemplate\":\"https:\\\/\\\/www.jovenesnucleares.org\\\/blog\\\/?s={search_term_string}\"},\"query-input\":{\"@type\":\"PropertyValueSpecification\",\"valueRequired\":true,\"valueName\":\"search_term_string\"}}],\"inLanguage\":\"es\"},{\"@type\":\"Organization\",\"@id\":\"https:\\\/\\\/www.jovenesnucleares.org\\\/blog\\\/#organization\",\"name\":\"J\u00f3venes Nucleares\",\"url\":\"https:\\\/\\\/www.jovenesnucleares.org\\\/blog\\\/\",\"logo\":{\"@type\":\"ImageObject\",\"inLanguage\":\"es\",\"@id\":\"https:\\\/\\\/www.jovenesnucleares.org\\\/blog\\\/#\\\/schema\\\/logo\\\/image\\\/\",\"url\":\"http:\\\/\\\/www.jovenesnucleares.org\\\/blog\\\/wp-content\\\/uploads\\\/2022\\\/01\\\/cropped-Logo-JJNN-principal-125px.png\",\"contentUrl\":\"http:\\\/\\\/www.jovenesnucleares.org\\\/blog\\\/wp-content\\\/uploads\\\/2022\\\/01\\\/cropped-Logo-JJNN-principal-125px.png\",\"width\":170,\"height\":70,\"caption\":\"J\u00f3venes Nucleares\"},\"image\":{\"@id\":\"https:\\\/\\\/www.jovenesnucleares.org\\\/blog\\\/#\\\/schema\\\/logo\\\/image\\\/\"},\"sameAs\":[\"https:\\\/\\\/www.facebook.com\\\/JovenesNucleares\",\"https:\\\/\\\/x.com\\\/jjnucleares\",\"https:\\\/\\\/www.instagram.com\\\/jjnucleares\\\/\",\"https:\\\/\\\/www.linkedin.com\\\/company\\\/jovenesnucleares\\\/\",\"https:\\\/\\\/www.youtube.com\\\/c\\\/JovenesNuclearesSNE\",\"https:\\\/\\\/es.wikipedia.org\\\/wiki\\\/Jovenes_Nucleares\"]}]}<\/script>\n<!-- \/ Yoast SEO plugin. -->","yoast_head_json":{"title":"NOVIEMBRE - J\u00f3venes Nucleares","robots":{"index":"index","follow":"follow","max-snippet":"max-snippet:-1","max-image-preview":"max-image-preview:large","max-video-preview":"max-video-preview:-1"},"canonical":"https:\/\/www.jovenesnucleares.org\/blog\/te-interesa\/12-meses-12-razones\/noviembre\/","og_locale":"es_ES","og_type":"article","og_title":"NOVIEMBRE - J\u00f3venes Nucleares","og_description":"Darwinismo tecnol&oacute;gico: innovar o desaparecer. Solemos definir la innovaci&oacute;n, seg&uacute;n recoge el Manual de Oslo de la OCDE, como la implementaci&oacute;n de una nueva o significativa mejora de un producto o proceso, un nuevo m&eacute;todo de mercadotecnia, o un nuevo m&eacute;todo organizacional en las pr&aacute;cticas de negocios y organizativas en el lugar de trabajo de&hellip; Read more","og_url":"https:\/\/www.jovenesnucleares.org\/blog\/te-interesa\/12-meses-12-razones\/noviembre\/","og_site_name":"J\u00f3venes Nucleares","article_publisher":"https:\/\/www.facebook.com\/JovenesNucleares","article_modified_time":"2017-11-27T10:06:39+00:00","og_image":[{"url":"http:\/\/www.jovenesnucleares.org\/blog\/wp-content\/uploads\/2017\/11\/12m12r-nov-1024x725.png","type":"","width":"","height":""}],"twitter_card":"summary_large_image","twitter_site":"@jjnucleares","twitter_misc":{"Tiempo de lectura":"3 minutos"},"schema":{"@context":"https:\/\/schema.org","@graph":[{"@type":"WebPage","@id":"https:\/\/www.jovenesnucleares.org\/blog\/te-interesa\/12-meses-12-razones\/noviembre\/","url":"https:\/\/www.jovenesnucleares.org\/blog\/te-interesa\/12-meses-12-razones\/noviembre\/","name":"NOVIEMBRE - J\u00f3venes Nucleares","isPartOf":{"@id":"https:\/\/www.jovenesnucleares.org\/blog\/#website"},"primaryImageOfPage":{"@id":"https:\/\/www.jovenesnucleares.org\/blog\/te-interesa\/12-meses-12-razones\/noviembre\/#primaryimage"},"image":{"@id":"https:\/\/www.jovenesnucleares.org\/blog\/te-interesa\/12-meses-12-razones\/noviembre\/#primaryimage"},"thumbnailUrl":"http:\/\/www.jovenesnucleares.org\/blog\/wp-content\/uploads\/2017\/11\/12m12r-nov-1024x725.png","datePublished":"2017-11-27T09:58:49+00:00","dateModified":"2017-11-27T10:06:39+00:00","breadcrumb":{"@id":"https:\/\/www.jovenesnucleares.org\/blog\/te-interesa\/12-meses-12-razones\/noviembre\/#breadcrumb"},"inLanguage":"es","potentialAction":[{"@type":"ReadAction","target":["https:\/\/www.jovenesnucleares.org\/blog\/te-interesa\/12-meses-12-razones\/noviembre\/"]}]},{"@type":"ImageObject","inLanguage":"es","@id":"https:\/\/www.jovenesnucleares.org\/blog\/te-interesa\/12-meses-12-razones\/noviembre\/#primaryimage","url":"https:\/\/www.jovenesnucleares.org\/blog\/wp-content\/uploads\/2017\/11\/12m12r-nov.png","contentUrl":"https:\/\/www.jovenesnucleares.org\/blog\/wp-content\/uploads\/2017\/11\/12m12r-nov.png","width":1502,"height":1063},{"@type":"BreadcrumbList","@id":"https:\/\/www.jovenesnucleares.org\/blog\/te-interesa\/12-meses-12-razones\/noviembre\/#breadcrumb","itemListElement":[{"@type":"ListItem","position":1,"name":"Portada","item":"https:\/\/www.jovenesnucleares.org\/blog\/"},{"@type":"ListItem","position":2,"name":"Te interesa","item":"https:\/\/www.jovenesnucleares.org\/blog\/te-interesa\/"},{"@type":"ListItem","position":3,"name":"12 meses 12 razones","item":"https:\/\/www.jovenesnucleares.org\/blog\/te-interesa\/12-meses-12-razones\/"},{"@type":"ListItem","position":4,"name":"NOVIEMBRE"}]},{"@type":"WebSite","@id":"https:\/\/www.jovenesnucleares.org\/blog\/#website","url":"https:\/\/www.jovenesnucleares.org\/blog\/","name":"J\u00f3venes Nucleares","description":"Divulgaci\u00f3n de Ciencia y Tecnolog\u00eda Nuclear","publisher":{"@id":"https:\/\/www.jovenesnucleares.org\/blog\/#organization"},"potentialAction":[{"@type":"SearchAction","target":{"@type":"EntryPoint","urlTemplate":"https:\/\/www.jovenesnucleares.org\/blog\/?s={search_term_string}"},"query-input":{"@type":"PropertyValueSpecification","valueRequired":true,"valueName":"search_term_string"}}],"inLanguage":"es"},{"@type":"Organization","@id":"https:\/\/www.jovenesnucleares.org\/blog\/#organization","name":"J\u00f3venes Nucleares","url":"https:\/\/www.jovenesnucleares.org\/blog\/","logo":{"@type":"ImageObject","inLanguage":"es","@id":"https:\/\/www.jovenesnucleares.org\/blog\/#\/schema\/logo\/image\/","url":"http:\/\/www.jovenesnucleares.org\/blog\/wp-content\/uploads\/2022\/01\/cropped-Logo-JJNN-principal-125px.png","contentUrl":"http:\/\/www.jovenesnucleares.org\/blog\/wp-content\/uploads\/2022\/01\/cropped-Logo-JJNN-principal-125px.png","width":170,"height":70,"caption":"J\u00f3venes Nucleares"},"image":{"@id":"https:\/\/www.jovenesnucleares.org\/blog\/#\/schema\/logo\/image\/"},"sameAs":["https:\/\/www.facebook.com\/JovenesNucleares","https:\/\/x.com\/jjnucleares","https:\/\/www.instagram.com\/jjnucleares\/","https:\/\/www.linkedin.com\/company\/jovenesnucleares\/","https:\/\/www.youtube.com\/c\/JovenesNuclearesSNE","https:\/\/es.wikipedia.org\/wiki\/Jovenes_Nucleares"]}]}},"post_mailing_queue_ids":[],"_links":{"self":[{"href":"https:\/\/www.jovenesnucleares.org\/blog\/wp-json\/wp\/v2\/pages\/3005","targetHints":{"allow":["GET"]}}],"collection":[{"href":"https:\/\/www.jovenesnucleares.org\/blog\/wp-json\/wp\/v2\/pages"}],"about":[{"href":"https:\/\/www.jovenesnucleares.org\/blog\/wp-json\/wp\/v2\/types\/page"}],"author":[{"embeddable":true,"href":"https:\/\/www.jovenesnucleares.org\/blog\/wp-json\/wp\/v2\/users\/1"}],"replies":[{"embeddable":true,"href":"https:\/\/www.jovenesnucleares.org\/blog\/wp-json\/wp\/v2\/comments?post=3005"}],"version-history":[{"count":5,"href":"https:\/\/www.jovenesnucleares.org\/blog\/wp-json\/wp\/v2\/pages\/3005\/revisions"}],"predecessor-version":[{"id":3014,"href":"https:\/\/www.jovenesnucleares.org\/blog\/wp-json\/wp\/v2\/pages\/3005\/revisions\/3014"}],"up":[{"embeddable":true,"href":"https:\/\/www.jovenesnucleares.org\/blog\/wp-json\/wp\/v2\/pages\/2369"}],"wp:attachment":[{"href":"https:\/\/www.jovenesnucleares.org\/blog\/wp-json\/wp\/v2\/media?parent=3005"}],"curies":[{"name":"wp","href":"https:\/\/api.w.org\/{rel}","templated":true}]}}