{"id":4745,"date":"2019-07-25T14:02:13","date_gmt":"2019-07-25T12:02:13","guid":{"rendered":"http:\/\/www.jovenesnucleares.org\/blog\/?page_id=4745"},"modified":"2019-07-26T13:26:04","modified_gmt":"2019-07-26T11:26:04","slug":"chernobyl-verdades-pasado-decisiones-futuro","status":"publish","type":"page","link":"https:\/\/www.jovenesnucleares.org\/blog\/chernobyl-verdades-pasado-decisiones-futuro\/","title":{"rendered":"Chernobyl: verdades del pasado, decisiones de futuro"},"content":{"rendered":"<p align=\"justify\">\u201c<span lang=\"es-ES\"><i>Chernobyl nos ense\u00f1a el precio de ignorar la verdad\u201d. <\/i><\/span><span lang=\"es-ES\">Frase que Craig Mazin, director de la serie, repite en cada una de las entrevistas que concede. La reciente serie de HBO, alabada por la cr\u00edtica y el p\u00fablico general, es uno de los pocos contenidos medi\u00e1ticos sobre el accidente que tambi\u00e9n ha conseguido, en buena medida, convencer a expertos del sector nuclear. La serie tiene errores t\u00e9cnicos y se concede ciertas licencias dram\u00e1ticas en el orden y la magnitud de los acontecimientos \u2013 los m\u00e1s interesados, pod\u00e9is encontrar m\u00faltiples art\u00edculos al respecto con una simple b\u00fasqueda en internet \u2013 pero su dura cr\u00edtica al secretismo y la corrupci\u00f3n pol\u00edtica, as\u00ed como su obsesi\u00f3n por replicar la realidad del accidente lo compensa con creces.<\/span><\/p>\n<p align=\"justify\"><span lang=\"es-ES\">Chernobyl nos ense\u00f1a el precio de ignorar la verdad, pero tambi\u00e9n las consecuencias de ocultarla. En plena Guerra Fr\u00eda, la Uni\u00f3n Sovi\u00e9tica no se pod\u00eda permitir transmitir signos de debilidad. Un accidente en la industria nuclear, uno de sus grandes s\u00edmbolos, se percibir\u00eda como un duro golpe a su modelo de sociedad. Su af\u00e1n por ocultar el accidente al exterior provoc\u00f3 que tampoco se comunicase a su poblaci\u00f3n. Los ciudadanos de Prypiat tardaron cerca de 40 horas en ser evacuados. Hoy en d\u00eda sabemos que buena parte de las consecuencias sobre la poblaci\u00f3n podr\u00edan haberse evitado con una correcta gesti\u00f3n del accidente. Pero no, el prestigio de la URSS era m\u00e1s importante que su poblaci\u00f3n. <\/span><\/p>\n<div id=\"attachment_4751\" style=\"width: 423px\" class=\"wp-caption aligncenter\"><a href=\"http:\/\/www.jovenesnucleares.org\/blog\/wp-content\/uploads\/2019\/07\/pripyat.png\" rel=\"lightbox[4745]\"><img fetchpriority=\"high\" decoding=\"async\" aria-describedby=\"caption-attachment-4751\" class=\"wp-image-4751\" src=\"http:\/\/www.jovenesnucleares.org\/blog\/wp-content\/uploads\/2019\/07\/pripyat.png\" alt=\"\" width=\"413\" height=\"275\" \/><\/a><p id=\"caption-attachment-4751\" class=\"wp-caption-text\">La ciudad de Pripyat actualmente<\/p><\/div>\n<p align=\"justify\"><span lang=\"es-ES\">Chernobyl nos ense\u00f1a, en un revelador \u00faltimo episodio, la tensi\u00f3n, la irresponsabilidad y las imprudencias de los operadores de la central en los momentos previos del accidente. Hace unos d\u00edas, una conocida me dec\u00eda \u201c<\/span><span lang=\"es-ES\"><i>me ha impactado much\u00edsimo que los operadores de Chernobyl fueran tan j\u00f3venes, ten\u00edan casi nuestra edad, \u00bfno te sientes identificado con ellos?<\/i><\/span><span lang=\"es-ES\">\u201d.<\/span><i> <\/i><span lang=\"es-ES\">Mi respuesta fue un contundente no. Todav\u00eda recuerdo la primera vez que, poco despu\u00e9s de haber aprendido los principios de funcionamiento de un reactor, me explicaron en clase las razones del accidente, y no me lo pod\u00eda creer. Para que se hagan una idea, hay una frase de Valery Leg\u00e1sov, protagonista de la serie, en el \u00faltimo cap\u00edtulo que dice: \u201cel sistema de protecci\u00f3n fue desactivado\u201d. Ocupa solo dos segundos de las m\u00e1s de cinco horas de contenido televisivo, pero esa simple acci\u00f3n ni siquiera se puede realizar en nuestros reactores. Por lo tanto, no, no entiendo a los operadores de Chernobyl, y no creo que pueda hacerlo, hemos crecido en sociedades muy diferentes. <\/span><\/p>\n<p align=\"justify\"><span lang=\"es-ES\">La serie de Chernobyl nos ense\u00f1a las cuestiones m\u00e1s relevantes del desarrollo del accidente y de su posterior gesti\u00f3n, pero se queda corta en su intento de explicar el particular dise\u00f1o del reactor RBMK, dise\u00f1o de los cuatro reactores nucleares de Chernobyl. En el \u00faltimo episodio, se dice que el dise\u00f1o atiende a razones de coste, pero no solo se debe a eso. Uno de los momentos m\u00e1s relevantes de nuestra historia como especie es la Guerra Fr\u00eda, fr\u00eda porque el conflicto nunca se lleg\u00f3 a desencadenar, y menos mal, porque nos habr\u00eda condenado a un mundo muy diferente al que conocemos. En la carrera armament\u00edstica, la obtenci\u00f3n de material fisible (plutonio) para acumular un arsenal nuclear que igualara al del contrincante, era una cuesti\u00f3n de Estado. Los reactores nucleares civiles, como los que operan en la actualidad en Espa\u00f1a, no sirven para producir plutonio con la eficiencia que permit\u00eda el RBMK. Esa es la verdadera raz\u00f3n de la existencia de reactores como el de Chernobyl, era un reactor de uso dual, la producci\u00f3n de electricidad no era su prioridad. Es por eso que utilizar Chernobyl como argumento en contra del uso de las centrales actuales est\u00e1 fuera de todo lugar.<\/span><\/p>\n<div id=\"attachment_4750\" style=\"width: 423px\" class=\"wp-caption aligncenter\"><a href=\"http:\/\/www.jovenesnucleares.org\/blog\/wp-content\/uploads\/2019\/07\/chernobyl.jpg\" rel=\"lightbox[4745]\"><img decoding=\"async\" aria-describedby=\"caption-attachment-4750\" class=\"wp-image-4750\" src=\"http:\/\/www.jovenesnucleares.org\/blog\/wp-content\/uploads\/2019\/07\/chernobyl.jpg\" alt=\"\" width=\"413\" height=\"275\" \/><\/a><p id=\"caption-attachment-4750\" class=\"wp-caption-text\">La central de Vlad\u00edmir Ilich Lenin\u200b (Chernobyl)<\/p><\/div>\n<p align=\"justify\"><span lang=\"es-ES\">\u00bfPero saben qu\u00e9 es lo mejor de la serie sobre Chernobyl? La oportunidad que nos est\u00e1 dando para ense\u00f1ar, para desmitificar la energ\u00eda nuclear, oportunidad que voy a aprovechar para transmitir una \u00fanica realidad, la \u00fanica idea que me gustar\u00eda que todo el que haya llegado hasta aqu\u00ed recuerde. La energ\u00eda nuclear es la principal fuente de producci\u00f3n de energ\u00eda libre de emisiones del mercado el\u00e9ctrico espa\u00f1ol. De nuevo recurro a una frase de Dyatlov, \u201c<\/span><span lang=\"es-ES\"><i>(el control de la energ\u00eda nuclear) es una danza invisible que abastece ciudades enteras sin humo ni llamas, y en condiciones normales, es realmente bella\u201d. <\/i><\/span><span lang=\"es-ES\">Como en la Guerra Fr\u00eda, nos enfrentamos a decisiones cruciales para el futuro de nuestro planeta, debemos elegir qu\u00e9 tecnolog\u00eda va a acompa\u00f1ar a las energ\u00edas renovables en la transici\u00f3n energ\u00e9tica. O quemamos combustibles f\u00f3siles \u2013 el fuego, que controlamos hace cientos de miles de a\u00f1os \u2013 emitiendo CO2, o fisionamos los n\u00facleos de la materia, un proceso m\u00e1s complejo y libre de emisiones, pero con sus riesgos asociados. Porque s\u00ed, la tecnolog\u00eda nuclear tiene sus riesgos, como el resto de las industrias, y es fundamental que los aceptemos y los comuniquemos. Solo una sociedad democr\u00e1ticamente informada puede decidir qu\u00e9 riesgos son aceptables, y cu\u00e1les no. Por eso celebramos la existencia de la serie sobre Chernobyl, y cualquier otro intento de comunicarlos. Por eso, desde J\u00f3venes Nucleares, divulgamos ciencia y tecnolog\u00eda nuclear. S\u00f3lo con informaci\u00f3n, podremos tomar las decisiones correctas, y, sin informaci\u00f3n, no hay democracia.<\/span><\/p>\n<p style=\"text-align: right;\" align=\"justify\"><strong>Carlos V\u00e1zquez<\/strong><br \/>\nUniversidad Polit\u00e9cnica de Madrid<br \/>\n23 de julio de 2019<\/p>\n","protected":false},"excerpt":{"rendered":"<p>\u201cChernobyl nos ense\u00f1a el precio de ignorar la verdad\u201d. Frase que Craig Mazin, director de la serie, repite en cada una de las entrevistas que concede. La reciente serie de HBO, alabada por la cr\u00edtica y el p\u00fablico general, es uno de los pocos contenidos medi\u00e1ticos sobre el accidente que tambi\u00e9n ha conseguido, en buena&hellip; <br \/> <a class=\"read-more\" href=\"https:\/\/www.jovenesnucleares.org\/blog\/chernobyl-verdades-pasado-decisiones-futuro\/\">Read more<\/a><\/p>\n","protected":false},"author":1,"featured_media":0,"parent":0,"menu_order":0,"comment_status":"closed","ping_status":"closed","template":"","meta":{"footnotes":""},"class_list":["post-4745","page","type-page","status-publish","hentry"],"yoast_head":"<!-- This site is optimized with the Yoast SEO plugin v27.4 - https:\/\/yoast.com\/product\/yoast-seo-wordpress\/ -->\n<title>Chernobyl: verdades del pasado, decisiones de futuro - J\u00f3venes Nucleares<\/title>\n<meta name=\"robots\" content=\"index, follow, max-snippet:-1, max-image-preview:large, max-video-preview:-1\" \/>\n<link rel=\"canonical\" href=\"https:\/\/www.jovenesnucleares.org\/blog\/chernobyl-verdades-pasado-decisiones-futuro\/\" \/>\n<meta property=\"og:locale\" content=\"es_ES\" \/>\n<meta property=\"og:type\" content=\"article\" \/>\n<meta property=\"og:title\" content=\"Chernobyl: verdades del pasado, decisiones de futuro - J\u00f3venes Nucleares\" \/>\n<meta property=\"og:description\" content=\"\u201cChernobyl nos ense\u00f1a el precio de ignorar la verdad\u201d. Frase que Craig Mazin, director de la serie, repite en cada una de las entrevistas que concede. La reciente serie de HBO, alabada por la cr\u00edtica y el p\u00fablico general, es uno de los pocos contenidos medi\u00e1ticos sobre el accidente que tambi\u00e9n ha conseguido, en buena&hellip; Read more\" \/>\n<meta property=\"og:url\" content=\"https:\/\/www.jovenesnucleares.org\/blog\/chernobyl-verdades-pasado-decisiones-futuro\/\" \/>\n<meta property=\"og:site_name\" content=\"J\u00f3venes Nucleares\" \/>\n<meta property=\"article:publisher\" content=\"https:\/\/www.facebook.com\/JovenesNucleares\" \/>\n<meta property=\"article:modified_time\" content=\"2019-07-26T11:26:04+00:00\" \/>\n<meta property=\"og:image\" content=\"http:\/\/www.jovenesnucleares.org\/blog\/wp-content\/uploads\/2019\/07\/pripyat.png\" \/>\n<meta name=\"twitter:card\" content=\"summary_large_image\" \/>\n<meta name=\"twitter:site\" content=\"@jjnucleares\" \/>\n<meta name=\"twitter:label1\" content=\"Tiempo de lectura\" \/>\n\t<meta name=\"twitter:data1\" content=\"5 minutos\" \/>\n<script type=\"application\/ld+json\" class=\"yoast-schema-graph\">{\"@context\":\"https:\\\/\\\/schema.org\",\"@graph\":[{\"@type\":\"WebPage\",\"@id\":\"https:\\\/\\\/www.jovenesnucleares.org\\\/blog\\\/chernobyl-verdades-pasado-decisiones-futuro\\\/\",\"url\":\"https:\\\/\\\/www.jovenesnucleares.org\\\/blog\\\/chernobyl-verdades-pasado-decisiones-futuro\\\/\",\"name\":\"Chernobyl: verdades del pasado, decisiones de futuro - J\u00f3venes Nucleares\",\"isPartOf\":{\"@id\":\"https:\\\/\\\/www.jovenesnucleares.org\\\/blog\\\/#website\"},\"primaryImageOfPage\":{\"@id\":\"https:\\\/\\\/www.jovenesnucleares.org\\\/blog\\\/chernobyl-verdades-pasado-decisiones-futuro\\\/#primaryimage\"},\"image\":{\"@id\":\"https:\\\/\\\/www.jovenesnucleares.org\\\/blog\\\/chernobyl-verdades-pasado-decisiones-futuro\\\/#primaryimage\"},\"thumbnailUrl\":\"http:\\\/\\\/www.jovenesnucleares.org\\\/blog\\\/wp-content\\\/uploads\\\/2019\\\/07\\\/pripyat.png\",\"datePublished\":\"2019-07-25T12:02:13+00:00\",\"dateModified\":\"2019-07-26T11:26:04+00:00\",\"breadcrumb\":{\"@id\":\"https:\\\/\\\/www.jovenesnucleares.org\\\/blog\\\/chernobyl-verdades-pasado-decisiones-futuro\\\/#breadcrumb\"},\"inLanguage\":\"es\",\"potentialAction\":[{\"@type\":\"ReadAction\",\"target\":[\"https:\\\/\\\/www.jovenesnucleares.org\\\/blog\\\/chernobyl-verdades-pasado-decisiones-futuro\\\/\"]}]},{\"@type\":\"ImageObject\",\"inLanguage\":\"es\",\"@id\":\"https:\\\/\\\/www.jovenesnucleares.org\\\/blog\\\/chernobyl-verdades-pasado-decisiones-futuro\\\/#primaryimage\",\"url\":\"https:\\\/\\\/www.jovenesnucleares.org\\\/blog\\\/wp-content\\\/uploads\\\/2019\\\/07\\\/pripyat.png\",\"contentUrl\":\"https:\\\/\\\/www.jovenesnucleares.org\\\/blog\\\/wp-content\\\/uploads\\\/2019\\\/07\\\/pripyat.png\",\"width\":275,\"height\":183},{\"@type\":\"BreadcrumbList\",\"@id\":\"https:\\\/\\\/www.jovenesnucleares.org\\\/blog\\\/chernobyl-verdades-pasado-decisiones-futuro\\\/#breadcrumb\",\"itemListElement\":[{\"@type\":\"ListItem\",\"position\":1,\"name\":\"Portada\",\"item\":\"https:\\\/\\\/www.jovenesnucleares.org\\\/blog\\\/\"},{\"@type\":\"ListItem\",\"position\":2,\"name\":\"Chernobyl: verdades del pasado, decisiones de futuro\"}]},{\"@type\":\"WebSite\",\"@id\":\"https:\\\/\\\/www.jovenesnucleares.org\\\/blog\\\/#website\",\"url\":\"https:\\\/\\\/www.jovenesnucleares.org\\\/blog\\\/\",\"name\":\"J\u00f3venes Nucleares\",\"description\":\"Divulgaci\u00f3n de Ciencia y Tecnolog\u00eda Nuclear\",\"publisher\":{\"@id\":\"https:\\\/\\\/www.jovenesnucleares.org\\\/blog\\\/#organization\"},\"potentialAction\":[{\"@type\":\"SearchAction\",\"target\":{\"@type\":\"EntryPoint\",\"urlTemplate\":\"https:\\\/\\\/www.jovenesnucleares.org\\\/blog\\\/?s={search_term_string}\"},\"query-input\":{\"@type\":\"PropertyValueSpecification\",\"valueRequired\":true,\"valueName\":\"search_term_string\"}}],\"inLanguage\":\"es\"},{\"@type\":\"Organization\",\"@id\":\"https:\\\/\\\/www.jovenesnucleares.org\\\/blog\\\/#organization\",\"name\":\"J\u00f3venes Nucleares\",\"url\":\"https:\\\/\\\/www.jovenesnucleares.org\\\/blog\\\/\",\"logo\":{\"@type\":\"ImageObject\",\"inLanguage\":\"es\",\"@id\":\"https:\\\/\\\/www.jovenesnucleares.org\\\/blog\\\/#\\\/schema\\\/logo\\\/image\\\/\",\"url\":\"http:\\\/\\\/www.jovenesnucleares.org\\\/blog\\\/wp-content\\\/uploads\\\/2022\\\/01\\\/cropped-Logo-JJNN-principal-125px.png\",\"contentUrl\":\"http:\\\/\\\/www.jovenesnucleares.org\\\/blog\\\/wp-content\\\/uploads\\\/2022\\\/01\\\/cropped-Logo-JJNN-principal-125px.png\",\"width\":170,\"height\":70,\"caption\":\"J\u00f3venes Nucleares\"},\"image\":{\"@id\":\"https:\\\/\\\/www.jovenesnucleares.org\\\/blog\\\/#\\\/schema\\\/logo\\\/image\\\/\"},\"sameAs\":[\"https:\\\/\\\/www.facebook.com\\\/JovenesNucleares\",\"https:\\\/\\\/x.com\\\/jjnucleares\",\"https:\\\/\\\/www.instagram.com\\\/jjnucleares\\\/\",\"https:\\\/\\\/www.linkedin.com\\\/company\\\/jovenesnucleares\\\/\",\"https:\\\/\\\/www.youtube.com\\\/c\\\/JovenesNuclearesSNE\",\"https:\\\/\\\/es.wikipedia.org\\\/wiki\\\/Jovenes_Nucleares\"]}]}<\/script>\n<!-- \/ Yoast SEO plugin. -->","yoast_head_json":{"title":"Chernobyl: verdades del pasado, decisiones de futuro - J\u00f3venes Nucleares","robots":{"index":"index","follow":"follow","max-snippet":"max-snippet:-1","max-image-preview":"max-image-preview:large","max-video-preview":"max-video-preview:-1"},"canonical":"https:\/\/www.jovenesnucleares.org\/blog\/chernobyl-verdades-pasado-decisiones-futuro\/","og_locale":"es_ES","og_type":"article","og_title":"Chernobyl: verdades del pasado, decisiones de futuro - J\u00f3venes Nucleares","og_description":"\u201cChernobyl nos ense\u00f1a el precio de ignorar la verdad\u201d. Frase que Craig Mazin, director de la serie, repite en cada una de las entrevistas que concede. La reciente serie de HBO, alabada por la cr\u00edtica y el p\u00fablico general, es uno de los pocos contenidos medi\u00e1ticos sobre el accidente que tambi\u00e9n ha conseguido, en buena&hellip; Read more","og_url":"https:\/\/www.jovenesnucleares.org\/blog\/chernobyl-verdades-pasado-decisiones-futuro\/","og_site_name":"J\u00f3venes Nucleares","article_publisher":"https:\/\/www.facebook.com\/JovenesNucleares","article_modified_time":"2019-07-26T11:26:04+00:00","og_image":[{"url":"http:\/\/www.jovenesnucleares.org\/blog\/wp-content\/uploads\/2019\/07\/pripyat.png","type":"","width":"","height":""}],"twitter_card":"summary_large_image","twitter_site":"@jjnucleares","twitter_misc":{"Tiempo de lectura":"5 minutos"},"schema":{"@context":"https:\/\/schema.org","@graph":[{"@type":"WebPage","@id":"https:\/\/www.jovenesnucleares.org\/blog\/chernobyl-verdades-pasado-decisiones-futuro\/","url":"https:\/\/www.jovenesnucleares.org\/blog\/chernobyl-verdades-pasado-decisiones-futuro\/","name":"Chernobyl: verdades del pasado, decisiones de futuro - J\u00f3venes Nucleares","isPartOf":{"@id":"https:\/\/www.jovenesnucleares.org\/blog\/#website"},"primaryImageOfPage":{"@id":"https:\/\/www.jovenesnucleares.org\/blog\/chernobyl-verdades-pasado-decisiones-futuro\/#primaryimage"},"image":{"@id":"https:\/\/www.jovenesnucleares.org\/blog\/chernobyl-verdades-pasado-decisiones-futuro\/#primaryimage"},"thumbnailUrl":"http:\/\/www.jovenesnucleares.org\/blog\/wp-content\/uploads\/2019\/07\/pripyat.png","datePublished":"2019-07-25T12:02:13+00:00","dateModified":"2019-07-26T11:26:04+00:00","breadcrumb":{"@id":"https:\/\/www.jovenesnucleares.org\/blog\/chernobyl-verdades-pasado-decisiones-futuro\/#breadcrumb"},"inLanguage":"es","potentialAction":[{"@type":"ReadAction","target":["https:\/\/www.jovenesnucleares.org\/blog\/chernobyl-verdades-pasado-decisiones-futuro\/"]}]},{"@type":"ImageObject","inLanguage":"es","@id":"https:\/\/www.jovenesnucleares.org\/blog\/chernobyl-verdades-pasado-decisiones-futuro\/#primaryimage","url":"https:\/\/www.jovenesnucleares.org\/blog\/wp-content\/uploads\/2019\/07\/pripyat.png","contentUrl":"https:\/\/www.jovenesnucleares.org\/blog\/wp-content\/uploads\/2019\/07\/pripyat.png","width":275,"height":183},{"@type":"BreadcrumbList","@id":"https:\/\/www.jovenesnucleares.org\/blog\/chernobyl-verdades-pasado-decisiones-futuro\/#breadcrumb","itemListElement":[{"@type":"ListItem","position":1,"name":"Portada","item":"https:\/\/www.jovenesnucleares.org\/blog\/"},{"@type":"ListItem","position":2,"name":"Chernobyl: verdades del pasado, decisiones de futuro"}]},{"@type":"WebSite","@id":"https:\/\/www.jovenesnucleares.org\/blog\/#website","url":"https:\/\/www.jovenesnucleares.org\/blog\/","name":"J\u00f3venes Nucleares","description":"Divulgaci\u00f3n de Ciencia y Tecnolog\u00eda Nuclear","publisher":{"@id":"https:\/\/www.jovenesnucleares.org\/blog\/#organization"},"potentialAction":[{"@type":"SearchAction","target":{"@type":"EntryPoint","urlTemplate":"https:\/\/www.jovenesnucleares.org\/blog\/?s={search_term_string}"},"query-input":{"@type":"PropertyValueSpecification","valueRequired":true,"valueName":"search_term_string"}}],"inLanguage":"es"},{"@type":"Organization","@id":"https:\/\/www.jovenesnucleares.org\/blog\/#organization","name":"J\u00f3venes Nucleares","url":"https:\/\/www.jovenesnucleares.org\/blog\/","logo":{"@type":"ImageObject","inLanguage":"es","@id":"https:\/\/www.jovenesnucleares.org\/blog\/#\/schema\/logo\/image\/","url":"http:\/\/www.jovenesnucleares.org\/blog\/wp-content\/uploads\/2022\/01\/cropped-Logo-JJNN-principal-125px.png","contentUrl":"http:\/\/www.jovenesnucleares.org\/blog\/wp-content\/uploads\/2022\/01\/cropped-Logo-JJNN-principal-125px.png","width":170,"height":70,"caption":"J\u00f3venes Nucleares"},"image":{"@id":"https:\/\/www.jovenesnucleares.org\/blog\/#\/schema\/logo\/image\/"},"sameAs":["https:\/\/www.facebook.com\/JovenesNucleares","https:\/\/x.com\/jjnucleares","https:\/\/www.instagram.com\/jjnucleares\/","https:\/\/www.linkedin.com\/company\/jovenesnucleares\/","https:\/\/www.youtube.com\/c\/JovenesNuclearesSNE","https:\/\/es.wikipedia.org\/wiki\/Jovenes_Nucleares"]}]}},"post_mailing_queue_ids":[],"_links":{"self":[{"href":"https:\/\/www.jovenesnucleares.org\/blog\/wp-json\/wp\/v2\/pages\/4745","targetHints":{"allow":["GET"]}}],"collection":[{"href":"https:\/\/www.jovenesnucleares.org\/blog\/wp-json\/wp\/v2\/pages"}],"about":[{"href":"https:\/\/www.jovenesnucleares.org\/blog\/wp-json\/wp\/v2\/types\/page"}],"author":[{"embeddable":true,"href":"https:\/\/www.jovenesnucleares.org\/blog\/wp-json\/wp\/v2\/users\/1"}],"replies":[{"embeddable":true,"href":"https:\/\/www.jovenesnucleares.org\/blog\/wp-json\/wp\/v2\/comments?post=4745"}],"version-history":[{"count":5,"href":"https:\/\/www.jovenesnucleares.org\/blog\/wp-json\/wp\/v2\/pages\/4745\/revisions"}],"predecessor-version":[{"id":4757,"href":"https:\/\/www.jovenesnucleares.org\/blog\/wp-json\/wp\/v2\/pages\/4745\/revisions\/4757"}],"wp:attachment":[{"href":"https:\/\/www.jovenesnucleares.org\/blog\/wp-json\/wp\/v2\/media?parent=4745"}],"curies":[{"name":"wp","href":"https:\/\/api.w.org\/{rel}","templated":true}]}}