{"id":5,"date":"2006-03-31T17:46:10","date_gmt":"2006-03-31T15:46:10","guid":{"rendered":"http:\/\/www.jovenesnucleares.org\/blog\/?page_id=5"},"modified":"2025-12-17T14:18:36","modified_gmt":"2025-12-17T12:18:36","slug":"historia-jjnn","status":"publish","type":"page","link":"https:\/\/www.jovenesnucleares.org\/blog\/quienes-somos\/historia-jjnn\/","title":{"rendered":"Historia de J\u00f3venes Nucleares"},"content":{"rendered":"<p><strong>El inicio de la idea<\/strong><\/p>\n<p>El origen de J\u00f3venes Nucleares se remonta a 1994. En ese a\u00f1o, el entonces presidente de <em>ABB Nuclear<\/em>, Jan Runermark, cre\u00f3 <em>The Young Generation Network<\/em>. Este proyecto, localizado inicialmente en Suecia, propuso como principal reto el dar un mayor protagonismo a una nueva generaci\u00f3n de profesionales la cual tomase el testigo de los que hasta ese momento hab\u00edan sido los pioneros en la industria nuclear europea. Poco tiempo despu\u00e9s, esta red de trabajo tomar\u00eda forma en nuestro pa\u00eds, dando lugar a lo que hoy es J\u00f3venes Nucleares e integr\u00e1ndose como Comisi\u00f3n dentro de la <a href=\"https:\/\/www.sne.es\/\">SNE<\/a>.<\/p>\n<p><strong>Formaci\u00f3n de JJNN en Espa\u00f1a<\/strong><\/p>\n<p>Fue al a\u00f1o siguiente, 1995, cuando se formaliz\u00f3 la creaci\u00f3n de la red de j\u00f3venes profesionales bajo la Sociedad Nuclear Europea (<a href=\"http:\/\/www.ensygn.org\/\"><em>ENS YGN \u2013 European Nuclear Society Young Generation Network<\/em><\/a>).<\/p>\n<p>De esta reuni\u00f3n surgi\u00f3 el compromiso de establecer una red de j\u00f3venes nucleares europea, a partir de las redes de j\u00f3venes nucleares de cada uno de los pa\u00edses, as\u00ed como los objetivos principales, las caracter\u00edsticas de la organizaci\u00f3n, la forma de financiaci\u00f3n, y los estatutos. En Espa\u00f1a se puso en marcha el grupo: J\u00f3venes Generaciones de la SNE, que se formaliz\u00f3 en 1996; aunque su denominaci\u00f3n definitiva, J\u00f3venes Nucleares, tal y como se la conoce en la actualidad, no qued\u00f3 formalizada hasta el 2000.<\/p>\n<p><strong>Principales hitos de JJNN<\/strong><\/p>\n<table style=\"width: 90%;\" align=\"center\">\n<tbody>\n<tr>\n<td style=\"text-align: center;\" width=\"75\">1996<\/td>\n<td width=\"491\">Creaci\u00f3n del grupo J\u00f3venes Generaciones de la SNE<\/td>\n<\/tr>\n<tr>\n<td style=\"text-align: center;\" width=\"75\">2000<\/td>\n<td width=\"491\">Cambio de nombre a J\u00f3venes Nucleares<\/td>\n<\/tr>\n<tr>\n<td style=\"text-align: center;\" width=\"75\">2006<\/td>\n<td width=\"491\">Aprobaci\u00f3n del Reglamento Interno<\/td>\n<\/tr>\n<tr>\n<td style=\"text-align: center;\" width=\"75\">2006<\/td>\n<td width=\"491\">Creaci\u00f3n de la p\u00e1gina web<\/td>\n<\/tr>\n<tr>\n<td style=\"text-align: center;\" width=\"75\">2007<\/td>\n<td width=\"491\">Primera edici\u00f3n del Curso B\u00e1sico de Ciencia y Tecnolog\u00eda Nuclear<\/td>\n<\/tr>\n<tr>\n<td style=\"text-align: center;\" width=\"75\">2009<\/td>\n<td width=\"491\">Organizaci\u00f3n del <em>European Nuclear Young Generation Forum<\/em> en C\u00f3rdoba<\/td>\n<\/tr>\n<tr>\n<td style=\"text-align: center;\" width=\"75\">2009<\/td>\n<td width=\"491\">Visita t\u00e9cnica a Chern\u00f3bil<\/td>\n<\/tr>\n<tr>\n<td style=\"text-align: center;\" width=\"75\">2010<\/td>\n<td width=\"491\">Organizaci\u00f3n del <em>Core Comeetee Meeting<\/em> en la ciudad de Barcelona<\/td>\n<\/tr>\n<tr>\n<td style=\"text-align: center;\" width=\"75\">2010<\/td>\n<td width=\"491\">Primera edici\u00f3n del Seminario de Seguridad Nuclear en Reactores Avanzados<\/td>\n<\/tr>\n<tr>\n<td style=\"text-align: center;\" width=\"75\">2010<\/td>\n<td width=\"491\">Creaci\u00f3n del perfil de JJNN en Facebook (<a href=\"https:\/\/es-es.facebook.com\/JovenesNucleares\/\">@JovenesNucleares<\/a>)<\/td>\n<\/tr>\n<tr>\n<td style=\"text-align: center;\" width=\"75\">2012<\/td>\n<td width=\"491\">Primera edici\u00f3n del Seminario de Fusi\u00f3n Nuclear<\/td>\n<\/tr>\n<tr>\n<td style=\"text-align: center;\" width=\"75\">2012<\/td>\n<td width=\"491\">Creaci\u00f3n del perfil de JJNN en Twitter (<a href=\"https:\/\/twitter.com\/jjnucleares\">@jjnucleares<\/a>)<\/td>\n<\/tr>\n<tr>\n<td style=\"text-align: center;\" width=\"75\">2013<\/td>\n<td width=\"491\">Publicaci\u00f3n del <a href=\"http:\/\/www.jovenesnucleares.org\/blog\/wp-content\/uploads\/2025\/03\/Curso-Basico-de-Ciencia-y-Tecnologia-Nuclear_12_09.pdf\">libro Curso B\u00e1sico de Ciencia y Tecnolog\u00eda Nuclear<\/a><\/td>\n<\/tr>\n<tr>\n<td style=\"text-align: center;\" width=\"75\">2014<\/td>\n<td width=\"491\">Organizaci\u00f3n del <em>International Youth Nuclear Congress<\/em> en Burgos<\/td>\n<\/tr>\n<tr>\n<td style=\"text-align: center;\" width=\"75\">2014<\/td>\n<td width=\"491\">Creaci\u00f3n del perfil de JJNN en <a href=\"https:\/\/www.youtube.com\/channel\/UCAuRDYF2OEHhMjHWLloi5JA\/feed?disable_polymer=1\">YouTube<\/a><\/td>\n<\/tr>\n<tr>\n<td style=\"text-align: center;\" width=\"75\">2016<\/td>\n<td width=\"491\">Primera edici\u00f3n del Curso B\u00e1sico de Fusi\u00f3n Nuclear<\/td>\n<\/tr>\n<tr>\n<td style=\"text-align: center;\" width=\"75\">2017<\/td>\n<td width=\"491\">Publicaci\u00f3n del <a href=\"http:\/\/www.jovenesnucleares.org\/blog\/wp-content\/uploads\/2017\/10\/Libro-JJNN-CBFN-version_digital.pdf\">libro Curso B\u00e1sico de Fusi\u00f3n Nuclear<\/a><\/td>\n<\/tr>\n<tr>\n<td style=\"text-align: center;\" width=\"75\">2018<\/td>\n<td width=\"491\">Primera edici\u00f3n del Curso B\u00e1sico de Aplicaciones M\u00e9dicas<\/td>\n<\/tr>\n<tr>\n<td style=\"text-align: center;\" width=\"75\">2018<\/td>\n<td width=\"491\">Creaci\u00f3n del <a href=\"http:\/\/www.jovenesnucleares.org\/blog\/candidatos-premio-juan-alberto-gonzalez-garrido-2018\/\">premio J\u00f3venes Nucleares-Juan Alberto Gonz\u00e1lez Garrido<\/a><\/td>\n<\/tr>\n<tr>\n<td style=\"text-align: center;\" width=\"75\">2018<\/td>\n<td width=\"491\">Creaci\u00f3n del perfil de JJNN en Instagram (<a href=\"https:\/\/www.instagram.com\/p\/Boi1MtcBLtB\/\">@jjnucleares<\/a>)<\/td>\n<\/tr>\n<tr>\n<td style=\"text-align: center;\" width=\"75\">2021<\/td>\n<td width=\"491\">Creaci\u00f3n del perfil de JJNN en Twitch (<a href=\"https:\/\/www.twitch.tv\/jjnucleares\">jjnucleares<\/a>)<\/td>\n<\/tr>\n<tr>\n<td style=\"text-align: center;\" width=\"75\">2021<\/td>\n<td width=\"491\">Organizaci\u00f3n del <a href=\"https:\/\/enygf.org\"><em>European Nuclear Young Generation Forum<\/em><\/a> en Tarragona<\/td>\n<\/tr>\n<\/tbody>\n<\/table>\n<p><strong>Listado de Presidentes de JJNN<\/strong><\/p>\n<ul>\n<li>Mar Dom\u00ednguez (1996)<\/li>\n<li>Luis Garc\u00eda Delgado (2000)<\/li>\n<li>Miguel Embid (2002)<\/li>\n<li>Maribel G\u00f3mez (2003)<\/li>\n<li>Manuel Mart\u00edn (2005)<\/li>\n<li>Sylvia Choithramani (2006)<\/li>\n<li>Jose Luis P\u00e9rez (2008)<\/li>\n<li>Miguel Mill\u00e1n (2009)<\/li>\n<li>Alberto \u00c1lvarez (2010)<\/li>\n<li>Luis Yag\u00fce (2011)<\/li>\n<li>Raquel Ochoa (2013)<\/li>\n<li>Alfonso Vinuesa (2015)<\/li>\n<li>Jos\u00e9 Garc\u00eda (2017)<\/li>\n<li>Pablo Garc\u00eda (2019)<\/li>\n<li>Francisco Su\u00e1rez (2021)<\/li>\n<li>Alejandro Carrasco (2023)<\/li>\n<li>Pau Arag\u00f3n (2025)<\/li>\n<\/ul>\n<p>\u00bfQuieres ser el pr\u00f3ximo presidente? <a href=\"http:\/\/www.jovenesnucleares.org\/blog\/hazte-socio-jjnn\/\">Hazte socio de J\u00f3venes Nucleares<\/a> ahora.<\/p>\n","protected":false},"excerpt":{"rendered":"<p>El inicio de la idea El origen de J\u00f3venes Nucleares se remonta a 1994. En ese a\u00f1o, el entonces presidente de ABB Nuclear, Jan Runermark, cre\u00f3 The Young Generation Network. Este proyecto, localizado inicialmente en Suecia, propuso como principal reto el dar un mayor protagonismo a una nueva generaci\u00f3n de profesionales la cual tomase el&hellip; <br \/> <a class=\"read-more\" href=\"https:\/\/www.jovenesnucleares.org\/blog\/quienes-somos\/historia-jjnn\/\">Read more<\/a><\/p>\n","protected":false},"author":1,"featured_media":0,"parent":189,"menu_order":1,"comment_status":"closed","ping_status":"closed","template":"","meta":{"footnotes":""},"class_list":["post-5","page","type-page","status-publish","hentry"],"yoast_head":"<!-- This site is optimized with the Yoast SEO plugin v27.4 - https:\/\/yoast.com\/product\/yoast-seo-wordpress\/ -->\n<title>Historia de J\u00f3venes Nucleares - J\u00f3venes Nucleares<\/title>\n<meta name=\"robots\" content=\"index, follow, max-snippet:-1, max-image-preview:large, max-video-preview:-1\" \/>\n<link rel=\"canonical\" href=\"https:\/\/www.jovenesnucleares.org\/blog\/quienes-somos\/historia-jjnn\/\" \/>\n<meta property=\"og:locale\" content=\"es_ES\" \/>\n<meta property=\"og:type\" content=\"article\" \/>\n<meta property=\"og:title\" content=\"Historia de J\u00f3venes Nucleares - J\u00f3venes Nucleares\" \/>\n<meta property=\"og:description\" content=\"El inicio de la idea El origen de J\u00f3venes Nucleares se remonta a 1994. En ese a\u00f1o, el entonces presidente de ABB Nuclear, Jan Runermark, cre\u00f3 The Young Generation Network. Este proyecto, localizado inicialmente en Suecia, propuso como principal reto el dar un mayor protagonismo a una nueva generaci\u00f3n de profesionales la cual tomase el&hellip; Read more\" \/>\n<meta property=\"og:url\" content=\"https:\/\/www.jovenesnucleares.org\/blog\/quienes-somos\/historia-jjnn\/\" \/>\n<meta property=\"og:site_name\" content=\"J\u00f3venes Nucleares\" \/>\n<meta property=\"article:publisher\" content=\"https:\/\/www.facebook.com\/JovenesNucleares\" \/>\n<meta property=\"article:modified_time\" content=\"2025-12-17T12:18:36+00:00\" \/>\n<meta property=\"og:image\" content=\"https:\/\/www.jovenesnucleares.org\/blog\/wp-content\/uploads\/2021\/09\/cropped-Logo-JJNN-sec3-250px.png\" \/>\n\t<meta property=\"og:image:width\" content=\"512\" \/>\n\t<meta property=\"og:image:height\" content=\"512\" \/>\n\t<meta property=\"og:image:type\" content=\"image\/png\" \/>\n<meta name=\"twitter:card\" content=\"summary_large_image\" \/>\n<meta name=\"twitter:site\" content=\"@jjnucleares\" \/>\n<meta name=\"twitter:label1\" content=\"Tiempo de lectura\" \/>\n\t<meta name=\"twitter:data1\" content=\"3 minutos\" \/>\n<script type=\"application\/ld+json\" class=\"yoast-schema-graph\">{\"@context\":\"https:\\\/\\\/schema.org\",\"@graph\":[{\"@type\":\"WebPage\",\"@id\":\"https:\\\/\\\/www.jovenesnucleares.org\\\/blog\\\/quienes-somos\\\/historia-jjnn\\\/\",\"url\":\"https:\\\/\\\/www.jovenesnucleares.org\\\/blog\\\/quienes-somos\\\/historia-jjnn\\\/\",\"name\":\"Historia de J\u00f3venes Nucleares - J\u00f3venes Nucleares\",\"isPartOf\":{\"@id\":\"https:\\\/\\\/www.jovenesnucleares.org\\\/blog\\\/#website\"},\"datePublished\":\"2006-03-31T15:46:10+00:00\",\"dateModified\":\"2025-12-17T12:18:36+00:00\",\"breadcrumb\":{\"@id\":\"https:\\\/\\\/www.jovenesnucleares.org\\\/blog\\\/quienes-somos\\\/historia-jjnn\\\/#breadcrumb\"},\"inLanguage\":\"es\",\"potentialAction\":[{\"@type\":\"ReadAction\",\"target\":[\"https:\\\/\\\/www.jovenesnucleares.org\\\/blog\\\/quienes-somos\\\/historia-jjnn\\\/\"]}]},{\"@type\":\"BreadcrumbList\",\"@id\":\"https:\\\/\\\/www.jovenesnucleares.org\\\/blog\\\/quienes-somos\\\/historia-jjnn\\\/#breadcrumb\",\"itemListElement\":[{\"@type\":\"ListItem\",\"position\":1,\"name\":\"Portada\",\"item\":\"https:\\\/\\\/www.jovenesnucleares.org\\\/blog\\\/\"},{\"@type\":\"ListItem\",\"position\":2,\"name\":\"\u00bfQui\u00e9nes somos?\",\"item\":\"https:\\\/\\\/www.jovenesnucleares.org\\\/blog\\\/quienes-somos\\\/\"},{\"@type\":\"ListItem\",\"position\":3,\"name\":\"Historia de J\u00f3venes Nucleares\"}]},{\"@type\":\"WebSite\",\"@id\":\"https:\\\/\\\/www.jovenesnucleares.org\\\/blog\\\/#website\",\"url\":\"https:\\\/\\\/www.jovenesnucleares.org\\\/blog\\\/\",\"name\":\"J\u00f3venes Nucleares\",\"description\":\"Divulgaci\u00f3n de Ciencia y Tecnolog\u00eda Nuclear\",\"publisher\":{\"@id\":\"https:\\\/\\\/www.jovenesnucleares.org\\\/blog\\\/#organization\"},\"potentialAction\":[{\"@type\":\"SearchAction\",\"target\":{\"@type\":\"EntryPoint\",\"urlTemplate\":\"https:\\\/\\\/www.jovenesnucleares.org\\\/blog\\\/?s={search_term_string}\"},\"query-input\":{\"@type\":\"PropertyValueSpecification\",\"valueRequired\":true,\"valueName\":\"search_term_string\"}}],\"inLanguage\":\"es\"},{\"@type\":\"Organization\",\"@id\":\"https:\\\/\\\/www.jovenesnucleares.org\\\/blog\\\/#organization\",\"name\":\"J\u00f3venes Nucleares\",\"url\":\"https:\\\/\\\/www.jovenesnucleares.org\\\/blog\\\/\",\"logo\":{\"@type\":\"ImageObject\",\"inLanguage\":\"es\",\"@id\":\"https:\\\/\\\/www.jovenesnucleares.org\\\/blog\\\/#\\\/schema\\\/logo\\\/image\\\/\",\"url\":\"http:\\\/\\\/www.jovenesnucleares.org\\\/blog\\\/wp-content\\\/uploads\\\/2022\\\/01\\\/cropped-Logo-JJNN-principal-125px.png\",\"contentUrl\":\"http:\\\/\\\/www.jovenesnucleares.org\\\/blog\\\/wp-content\\\/uploads\\\/2022\\\/01\\\/cropped-Logo-JJNN-principal-125px.png\",\"width\":170,\"height\":70,\"caption\":\"J\u00f3venes Nucleares\"},\"image\":{\"@id\":\"https:\\\/\\\/www.jovenesnucleares.org\\\/blog\\\/#\\\/schema\\\/logo\\\/image\\\/\"},\"sameAs\":[\"https:\\\/\\\/www.facebook.com\\\/JovenesNucleares\",\"https:\\\/\\\/x.com\\\/jjnucleares\",\"https:\\\/\\\/www.instagram.com\\\/jjnucleares\\\/\",\"https:\\\/\\\/www.linkedin.com\\\/company\\\/jovenesnucleares\\\/\",\"https:\\\/\\\/www.youtube.com\\\/c\\\/JovenesNuclearesSNE\",\"https:\\\/\\\/es.wikipedia.org\\\/wiki\\\/Jovenes_Nucleares\"]}]}<\/script>\n<!-- \/ Yoast SEO plugin. -->","yoast_head_json":{"title":"Historia de J\u00f3venes Nucleares - J\u00f3venes Nucleares","robots":{"index":"index","follow":"follow","max-snippet":"max-snippet:-1","max-image-preview":"max-image-preview:large","max-video-preview":"max-video-preview:-1"},"canonical":"https:\/\/www.jovenesnucleares.org\/blog\/quienes-somos\/historia-jjnn\/","og_locale":"es_ES","og_type":"article","og_title":"Historia de J\u00f3venes Nucleares - J\u00f3venes Nucleares","og_description":"El inicio de la idea El origen de J\u00f3venes Nucleares se remonta a 1994. En ese a\u00f1o, el entonces presidente de ABB Nuclear, Jan Runermark, cre\u00f3 The Young Generation Network. Este proyecto, localizado inicialmente en Suecia, propuso como principal reto el dar un mayor protagonismo a una nueva generaci\u00f3n de profesionales la cual tomase el&hellip; Read more","og_url":"https:\/\/www.jovenesnucleares.org\/blog\/quienes-somos\/historia-jjnn\/","og_site_name":"J\u00f3venes Nucleares","article_publisher":"https:\/\/www.facebook.com\/JovenesNucleares","article_modified_time":"2025-12-17T12:18:36+00:00","og_image":[{"width":512,"height":512,"url":"https:\/\/www.jovenesnucleares.org\/blog\/wp-content\/uploads\/2021\/09\/cropped-Logo-JJNN-sec3-250px.png","type":"image\/png"}],"twitter_card":"summary_large_image","twitter_site":"@jjnucleares","twitter_misc":{"Tiempo de lectura":"3 minutos"},"schema":{"@context":"https:\/\/schema.org","@graph":[{"@type":"WebPage","@id":"https:\/\/www.jovenesnucleares.org\/blog\/quienes-somos\/historia-jjnn\/","url":"https:\/\/www.jovenesnucleares.org\/blog\/quienes-somos\/historia-jjnn\/","name":"Historia de J\u00f3venes Nucleares - J\u00f3venes Nucleares","isPartOf":{"@id":"https:\/\/www.jovenesnucleares.org\/blog\/#website"},"datePublished":"2006-03-31T15:46:10+00:00","dateModified":"2025-12-17T12:18:36+00:00","breadcrumb":{"@id":"https:\/\/www.jovenesnucleares.org\/blog\/quienes-somos\/historia-jjnn\/#breadcrumb"},"inLanguage":"es","potentialAction":[{"@type":"ReadAction","target":["https:\/\/www.jovenesnucleares.org\/blog\/quienes-somos\/historia-jjnn\/"]}]},{"@type":"BreadcrumbList","@id":"https:\/\/www.jovenesnucleares.org\/blog\/quienes-somos\/historia-jjnn\/#breadcrumb","itemListElement":[{"@type":"ListItem","position":1,"name":"Portada","item":"https:\/\/www.jovenesnucleares.org\/blog\/"},{"@type":"ListItem","position":2,"name":"\u00bfQui\u00e9nes somos?","item":"https:\/\/www.jovenesnucleares.org\/blog\/quienes-somos\/"},{"@type":"ListItem","position":3,"name":"Historia de J\u00f3venes Nucleares"}]},{"@type":"WebSite","@id":"https:\/\/www.jovenesnucleares.org\/blog\/#website","url":"https:\/\/www.jovenesnucleares.org\/blog\/","name":"J\u00f3venes Nucleares","description":"Divulgaci\u00f3n de Ciencia y Tecnolog\u00eda Nuclear","publisher":{"@id":"https:\/\/www.jovenesnucleares.org\/blog\/#organization"},"potentialAction":[{"@type":"SearchAction","target":{"@type":"EntryPoint","urlTemplate":"https:\/\/www.jovenesnucleares.org\/blog\/?s={search_term_string}"},"query-input":{"@type":"PropertyValueSpecification","valueRequired":true,"valueName":"search_term_string"}}],"inLanguage":"es"},{"@type":"Organization","@id":"https:\/\/www.jovenesnucleares.org\/blog\/#organization","name":"J\u00f3venes Nucleares","url":"https:\/\/www.jovenesnucleares.org\/blog\/","logo":{"@type":"ImageObject","inLanguage":"es","@id":"https:\/\/www.jovenesnucleares.org\/blog\/#\/schema\/logo\/image\/","url":"http:\/\/www.jovenesnucleares.org\/blog\/wp-content\/uploads\/2022\/01\/cropped-Logo-JJNN-principal-125px.png","contentUrl":"http:\/\/www.jovenesnucleares.org\/blog\/wp-content\/uploads\/2022\/01\/cropped-Logo-JJNN-principal-125px.png","width":170,"height":70,"caption":"J\u00f3venes Nucleares"},"image":{"@id":"https:\/\/www.jovenesnucleares.org\/blog\/#\/schema\/logo\/image\/"},"sameAs":["https:\/\/www.facebook.com\/JovenesNucleares","https:\/\/x.com\/jjnucleares","https:\/\/www.instagram.com\/jjnucleares\/","https:\/\/www.linkedin.com\/company\/jovenesnucleares\/","https:\/\/www.youtube.com\/c\/JovenesNuclearesSNE","https:\/\/es.wikipedia.org\/wiki\/Jovenes_Nucleares"]}]}},"post_mailing_queue_ids":[],"_links":{"self":[{"href":"https:\/\/www.jovenesnucleares.org\/blog\/wp-json\/wp\/v2\/pages\/5","targetHints":{"allow":["GET"]}}],"collection":[{"href":"https:\/\/www.jovenesnucleares.org\/blog\/wp-json\/wp\/v2\/pages"}],"about":[{"href":"https:\/\/www.jovenesnucleares.org\/blog\/wp-json\/wp\/v2\/types\/page"}],"author":[{"embeddable":true,"href":"https:\/\/www.jovenesnucleares.org\/blog\/wp-json\/wp\/v2\/users\/1"}],"replies":[{"embeddable":true,"href":"https:\/\/www.jovenesnucleares.org\/blog\/wp-json\/wp\/v2\/comments?post=5"}],"version-history":[{"count":6,"href":"https:\/\/www.jovenesnucleares.org\/blog\/wp-json\/wp\/v2\/pages\/5\/revisions"}],"predecessor-version":[{"id":7595,"href":"https:\/\/www.jovenesnucleares.org\/blog\/wp-json\/wp\/v2\/pages\/5\/revisions\/7595"}],"up":[{"embeddable":true,"href":"https:\/\/www.jovenesnucleares.org\/blog\/wp-json\/wp\/v2\/pages\/189"}],"wp:attachment":[{"href":"https:\/\/www.jovenesnucleares.org\/blog\/wp-json\/wp\/v2\/media?parent=5"}],"curies":[{"name":"wp","href":"https:\/\/api.w.org\/{rel}","templated":true}]}}