{"id":7736,"date":"2026-04-18T00:12:43","date_gmt":"2026-04-17T22:12:43","guid":{"rendered":"https:\/\/www.jovenesnucleares.org\/blog\/?page_id=7736"},"modified":"2026-04-21T12:58:06","modified_gmt":"2026-04-21T10:58:06","slug":"30-aniversario","status":"publish","type":"page","link":"https:\/\/www.jovenesnucleares.org\/blog\/30-aniversario\/","title":{"rendered":"30 Aniversario"},"content":{"rendered":"<div data-id=\"initial-content-section\" data-export-id=\"initial-content-section\" data-label=\"CUENTA ATRAS\" id=\"cuenta-atras\" class=\"content-section content-section-spacing content-relative\">\r\n<div class=\"\">\r\n<div class=\"row\">\r\n<div class=\"col-xs-12 col-sm-12\">\r\n<div style=\"font-size: 22px; text-align: center; color: #1d71b0; margin-top: 20px; margin-bottom: 35px;\">Quedan<\/div>\r\n<div id=\"countdown\" style=\"text-align: center; font-family: Arial, sans-serif;\">\r\n<div style=\"display: flex; justify-content: center; gap: 30px; font-size: 60px; font-weight: bold; color: #00a0b1;\">\r\n<div>\r\n\r\n<span id=\"days\">40<\/span>\r\n<div style=\"font-size: 18px; color: #1d71b0; margin-top: 10px;\">d\u00edas<\/div>\r\n<\/div>\r\n<div>\r\n\r\n<span id=\"hours\">19<\/span>\r\n<div style=\"font-size: 18px; color: #00adde; margin-top: 10px;\">horas<\/div>\r\n<\/div>\r\n<div>\r\n\r\n<span id=\"minutes\">05<\/span>\r\n<div style=\"font-size: 18px; color: #4ead33; margin-top: 10px;\">min<\/div>\r\n<\/div>\r\n<div>\r\n\r\n<span id=\"seconds\">46<\/span>\r\n<div style=\"font-size: 18px; color: #4ead33; margin-top: 10px;\">seg<\/div>\r\n<\/div>\r\n<\/div>\r\n<div style=\"font-size: 22px; color: #1d71b0; margin-top: 20px;\">para nuestro evento<\/div>\r\n<\/div>\r\n<\/div>\r\n<\/div>\r\n<\/div>\r\n<\/div>\r\n<div data-label=\"About\" data-id=\"about--1\" data-export-id=\"about-10\" data-category=\"about\" class=\"about-10 content-section content-section-spacing\" id=\"about-1\" style=\"background-color: #ffffff;\">\r\n<div class=\"gridContainer\">\r\n<div class=\"row middle-sm text-center\">\r\n<div class=\"col-sm-5 space-bottom-xs content-column\" data-type=\"column\">\r\n<h2 class=\"\">30 a\u00f1os impulsando las nuevas generaciones del sector nuclear<\/h2>\r\n<p class=\"\">El pr\u00f3ximo s\u00e1bado 30 de mayo de 2026 celebraremos nuestro 30 aniversario con <span style=\"font-weight: 600;\">un encuentro muy especial<\/span> que reunir\u00e1 a estudiantes, profesionales del sector nuclear y colaboradores hist\u00f3ricos de la organizaci\u00f3n.<\/p>\r\nEl evento tendr\u00e1 formato de congreso en horario de tarde en el <span style=\"font-weight: 600;\" class=\"\">Colegio Oficial de Ingenieros Industriales de Madrid (COIIM)<\/span>, seguido de una cena de celebraci\u00f3n, creando as\u00ed un espacio \u00fanico para el di\u00e1logo intergeneracional, el intercambio de conocimientos y experiencias y el networking profesional.\r\n\r\nLa jornada combinar\u00e1 intervenciones de j\u00f3venes profesionales con varios debates intergeneracionales en formato de mesa redonda sobre el presente y el futuro de la industria nuclear.\r\n\r\n<\/div>\r\n<div class=\"col-sm-7 flexbox middle-xs center-xs space-bottom-xs\">\r\n<div class=\"overlay-box middle-xs center-xs flexbox\">\r\n<div class=\"overlay-box-offset offset-border shadow-medium border-color1 hide-xs\"><\/div>\r\n<img decoding=\"async\" class=\"shadow-large\" data-size=\"485x705\" src=\"http:\/\/www.jovenesnucleares.org\/blog\/wp-content\/uploads\/2026\/04\/Invitacion-Vertical-Save-the-Date-Delicado-Rosado-Post-de-Instagram-45.png\" title=\"Invitaci\u00f3n Vertical Save the Date Delicado Rosado (Post de Instagram (45))\" alt=\"\" \/>\r\n\r\n<\/div>\r\n<\/div>\r\n<\/div>\r\n<\/div>\r\n<\/div>\r\n<div data-label=\"Cta\" data-id=\"cta--1\" data-export-id=\"cta-blue-section\" data-category=\"cta\" class=\"cta-blue-section content-section content-section-spacing-medium bg-color1 white-text\" id=\"cta-1\">\r\n<div class=\"gridContainer\">\r\n<div class=\"row middle-xs\">\r\n<div class=\"col-sm-8 space-bottom-xs\" data-type=\"column\">\r\n<h2 class=\"\">\u00bfA\u00fan no te has inscrito al evento?<\/h2>\r\n<\/div>\r\n<div class=\"col-sm-4 end-sm\" data-type=\"column\"><a class=\"button color2\" href=\"https:\/\/www.jovenesnucleares.org\/blog\/registro-30-aniversario\" target=\"_self\" data-cp-link=\"1\" data-icon=\"\">ME APUNTO<\/a><\/div>\r\n<\/div>\r\n<\/div>\r\n<\/div>\r\n<div data-label=\"About\" data-id=\"about--3\" data-export-id=\"about-9\" data-category=\"about\" class=\"about-9 content-section content-section-spacing\" id=\"about-3\" style=\"background-color: #f5fafd;\">\r\n<div class=\"gridContainer\">\r\n<div class=\"row middle-sm text-center\">\r\n<div class=\"col-sm-5 space-bottom-xs content-column content-right-sm\" data-type=\"column\">\r\n<h2 class=\"\">El Evento<\/h2>\r\n<p class=\"\">El evento reunir\u00e1 al pasado, presente y futuro de J\u00f3venes Nucleares en un formato cercano que favorecer\u00e1 la interacci\u00f3n entre profesionales de distintas generaciones del sector.<\/p>\r\n\r\n<\/div>\r\n<div class=\"col-sm-7 flexbox flexbox middle-xs center-xs space-bottom-xs\">\r\n<div class=\"overlay-box flexbox middle-xs center-xs overlay-holder \">\r\n<div class=\"overlay-box-offset offset-background shadow-medium bg-color2 hide-xs\"><\/div>\r\n<img decoding=\"async\" class=\"flexbox shadow-large img1\" src=\"http:\/\/www.jovenesnucleares.org\/blog\/wp-content\/uploads\/2026\/04\/30o-aniversario-de-Jovenes-Nucleares.png\" data-size=\"600x400\" title=\"30\u00ba aniversario de J\u00f3venes Nucleares\" alt=\"\" \/>\r\n\r\n<\/div>\r\n<\/div>\r\n<\/div>\r\n<\/div>\r\n<\/div>\r\n<div data-label=\"Gallery\" data-id=\"gallery--1\" data-export-id=\"gallery-2\" data-category=\"gallery\" class=\"gallery-2 content-section content-section-spacing\" id=\"gallery-1\" style=\"background-color: #f5fafd;\">\r\n<div class=\"\">\r\n<div class=\"row\">\r\n<div class=\"col-xs-12 full-no-padding\" data-editable=\"true\" data-content-shortcode=\"mesmerize_gallery id=&quot;mesmerize-gallery-2&quot; columns=&quot;2&quot; ids=&quot;7867,7868&quot; lb=&quot;1&quot; masonry=&quot;0&quot; size=&quot;medium&quot; link=&quot;file&quot; \"><div id='mesmerize-gallery-2' class='gallery-wrapper'><style type=\"text\/css\">\n                    @media only screen and (min-width: 768px) {\n                    [data-unique-id='mesmerize-gallery-2-69e97a5ac7d5e'] dl {\n                        float: left;\n                        width: 50% !important;\n                        max-width:  50% !important;\n                        min-width:  50% !important;\n                    }\n\n                    [data-unique-id='mesmerize-gallery-2-69e97a5ac7d5e'] dl:nth-of-type(2n +1 ) {\n                      clear: both;\n                      }\n                    }\n                <\/style><div id='mesmerize-gallery-2' class='mesmerize-gallery-2-dls-wrapper gallery-items-wrapper materialis-gallery' data-unique-id='mesmerize-gallery-2-69e97a5ac7d5e'><dl class='gallery-item'>\n\t\t\t<dt class='gallery-icon portrait'>\n\t\t\t\t<a data-fancybox=\"mesmerize-gallery-2-group\" href='https:\/\/www.jovenesnucleares.org\/blog\/wp-content\/uploads\/2026\/04\/Copia-de-30-ANIV-SPONSORS-1.png' rel=\"lightbox[7736]\"><img fetchpriority=\"high\" decoding=\"async\"  width=\"212\" height=\"300\" src=\"https:\/\/www.jovenesnucleares.org\/blog\/wp-content\/uploads\/2026\/04\/Copia-de-30-ANIV-SPONSORS-1-212x300.png\"  class='mesmerize-gallery-2-image' alt=\"\" srcset=\"https:\/\/www.jovenesnucleares.org\/blog\/wp-content\/uploads\/2026\/04\/Copia-de-30-ANIV-SPONSORS-1-212x300.png 212w, https:\/\/www.jovenesnucleares.org\/blog\/wp-content\/uploads\/2026\/04\/Copia-de-30-ANIV-SPONSORS-1-724x1024.png 724w, https:\/\/www.jovenesnucleares.org\/blog\/wp-content\/uploads\/2026\/04\/Copia-de-30-ANIV-SPONSORS-1-768x1086.png 768w, https:\/\/www.jovenesnucleares.org\/blog\/wp-content\/uploads\/2026\/04\/Copia-de-30-ANIV-SPONSORS-1-1086x1536.png 1086w, https:\/\/www.jovenesnucleares.org\/blog\/wp-content\/uploads\/2026\/04\/Copia-de-30-ANIV-SPONSORS-1-1024x1448.png 1024w, https:\/\/www.jovenesnucleares.org\/blog\/wp-content\/uploads\/2026\/04\/Copia-de-30-ANIV-SPONSORS-1-764x1080.png 764w, https:\/\/www.jovenesnucleares.org\/blog\/wp-content\/uploads\/2026\/04\/Copia-de-30-ANIV-SPONSORS-1.png 1414w\" sizes=\"(max-width: 212px) 100vw, 212px\" \/><\/a>\n\t\t\t<\/dt><\/dl><dl class='gallery-item'>\n\t\t\t<dt class='gallery-icon portrait'>\n\t\t\t\t<a data-fancybox=\"mesmerize-gallery-2-group\" href='https:\/\/www.jovenesnucleares.org\/blog\/wp-content\/uploads\/2026\/04\/Copia-de-30-ANIV-SPONSORS.png' rel=\"lightbox[7736]\"><img decoding=\"async\"  width=\"212\" height=\"300\" src=\"https:\/\/www.jovenesnucleares.org\/blog\/wp-content\/uploads\/2026\/04\/Copia-de-30-ANIV-SPONSORS-212x300.png\"  class='mesmerize-gallery-2-image' alt=\"\" srcset=\"https:\/\/www.jovenesnucleares.org\/blog\/wp-content\/uploads\/2026\/04\/Copia-de-30-ANIV-SPONSORS-212x300.png 212w, https:\/\/www.jovenesnucleares.org\/blog\/wp-content\/uploads\/2026\/04\/Copia-de-30-ANIV-SPONSORS-724x1024.png 724w, https:\/\/www.jovenesnucleares.org\/blog\/wp-content\/uploads\/2026\/04\/Copia-de-30-ANIV-SPONSORS-768x1086.png 768w, https:\/\/www.jovenesnucleares.org\/blog\/wp-content\/uploads\/2026\/04\/Copia-de-30-ANIV-SPONSORS-1086x1536.png 1086w, https:\/\/www.jovenesnucleares.org\/blog\/wp-content\/uploads\/2026\/04\/Copia-de-30-ANIV-SPONSORS-1024x1448.png 1024w, https:\/\/www.jovenesnucleares.org\/blog\/wp-content\/uploads\/2026\/04\/Copia-de-30-ANIV-SPONSORS-764x1080.png 764w, https:\/\/www.jovenesnucleares.org\/blog\/wp-content\/uploads\/2026\/04\/Copia-de-30-ANIV-SPONSORS.png 1414w\" sizes=\"(max-width: 212px) 100vw, 212px\" \/><\/a>\n\t\t\t<\/dt><\/dl>\n\t\t<\/div>\n<script>(function($){window.MaterialisCaptionsGallery && window.MaterialisCaptionsGallery($('[data-unique-id=\"mesmerize-gallery-2-69e97a5ac7d5e\"]'))})(jQuery)<\/script><\/div><\/div>\r\n<\/div>\r\n<\/div>\r\n<\/div>\r\n<div data-label=\"Portfolio\" data-id=\"portfolio--1\" data-export-id=\"portfolio-3\" data-category=\"portfolio\" class=\"portfolio-3 content-section content-section-spacing\" id=\"portfolio-1\" style=\"background-color: rgba(255, 255, 255, 0); background-image: none;\">\r\n<div class=\"gridContainer\">\r\n<div class=\"row text-center\">\r\n<div class=\"section-title-col\" data-type=\"column\">\r\n<div class=\"bloque-patrocinadores\">\r\n<h2><span style=\"color: #1d71b8;\">Nuestros Patrocinadores<\/span><\/h2>\r\n<img decoding=\"async\" class=\"custom-image\" src=\"http:\/\/www.jovenesnucleares.org\/blog\/wp-content\/uploads\/2026\/04\/cropped-Diseno-sin-titulo-7.png\" \/>\r\n\r\n<!-- FILA 1 -->\r\n<div class=\"row spaced-cols space-bottom\">\r\n\r\n<!-- AMPHOS -->\r\n<div class=\"col-xs-12 col-sm-4 text-center\">\r\n<div class=\"card no-padding bottom-border-color1 no-shadow\">\r\n<div class=\"contentswap-effect\">\r\n<div class=\"initial-image\"><img decoding=\"async\" src=\"http:\/\/www.jovenesnucleares.org\/blog\/wp-content\/uploads\/2026\/04\/Amphos21.png\" \/><\/div>\r\n<\/div>\r\n<h4>AMPHOS 21<\/h4>\r\n<\/div>\r\n<\/div>\r\n<!-- ARN -->\r\n<div class=\"col-xs-12 col-sm-4 text-center\">\r\n<div class=\"card no-padding bottom-border-color1 no-shadow\">\r\n<div class=\"contentswap-effect\">\r\n<div class=\"initial-image\"><img decoding=\"async\" src=\"http:\/\/www.jovenesnucleares.org\/blog\/wp-content\/uploads\/2026\/04\/ARN.png\" \/><\/div>\r\n<\/div>\r\n<h4>ASEGURADORES DE RIESGOS NUCLEARES<\/h4>\r\n<\/div>\r\n<\/div>\r\n<!-- EAG -->\r\n<div class=\"col-xs-12 col-sm-4 text-center\">\r\n<div class=\"card no-padding bottom-border-color1 no-shadow\">\r\n<div class=\"contentswap-effect\">\r\n<div class=\"initial-image\"><img decoding=\"async\" src=\"https:\/\/www.jovenesnucleares.org\/blog\/wp-content\/uploads\/2026\/04\/EAG-scaled.png\" \/><\/div>\r\n<\/div>\r\n<h4>EMPRESARIOS AGRUPADOS<\/h4>\r\n<\/div>\r\n<\/div>\r\n<\/div>\r\n<!-- FILA 2 -->\r\n<div class=\"row spaced-cols space-bottom\">\r\n<div class=\"col-xs-12 col-sm-4 text-center\">\r\n<div class=\"card\">\r\n<div class=\"initial-image\"><img decoding=\"async\" src=\"http:\/\/www.jovenesnucleares.org\/blog\/wp-content\/uploads\/2026\/04\/Endesa.jpg\" \/><\/div>\r\n<h4>ENDESA<\/h4>\r\n<\/div>\r\n<\/div>\r\n<div class=\"col-xs-12 col-sm-4 text-center\">\r\n<div class=\"card\">\r\n<div class=\"initial-image\"><img decoding=\"async\" src=\"https:\/\/www.jovenesnucleares.org\/blog\/wp-content\/uploads\/2026\/04\/ENUSA.jpg\" \/><\/div>\r\n<h4>ENUSA<\/h4>\r\n<\/div>\r\n<\/div>\r\n<div class=\"col-xs-12 col-sm-4 text-center\">\r\n<div class=\"card\">\r\n<div class=\"initial-image\"><img decoding=\"async\" src=\"http:\/\/www.jovenesnucleares.org\/blog\/wp-content\/uploads\/2026\/04\/Framatome-scaled.png\" \/><\/div>\r\n<h4>FRAMATOME<\/h4>\r\n<\/div>\r\n<\/div>\r\n<\/div>\r\n<!-- FILA 3 -->\r\n<div class=\"row spaced-cols space-bottom\">\r\n<div class=\"col-xs-12 col-sm-4 text-center\">\r\n<div class=\"card\">\r\n<div class=\"initial-image\"><img decoding=\"async\" src=\"http:\/\/www.jovenesnucleares.org\/blog\/wp-content\/uploads\/2026\/04\/GDES.png\" \/><\/div>\r\n<h4>GD ENERGY SERVICES<\/h4>\r\n<\/div>\r\n<\/div>\r\n<div class=\"col-xs-12 col-sm-4 text-center\">\r\n<div class=\"card\">\r\n<div class=\"initial-image\"><img decoding=\"async\" src=\"http:\/\/www.jovenesnucleares.org\/blog\/wp-content\/uploads\/2026\/04\/Imagen2.png\" \/><\/div>\r\n<h4>IBERDROLA<\/h4>\r\n<\/div>\r\n<\/div>\r\n<div class=\"col-xs-12 col-sm-4 text-center\">\r\n<div class=\"card\">\r\n<div class=\"initial-image\"><img decoding=\"async\" src=\"http:\/\/www.jovenesnucleares.org\/blog\/wp-content\/uploads\/2026\/04\/Logo_Westinghouse_2025_full.png\" \/><\/div>\r\n<h4>WESTINGHOUSE<\/h4>\r\n<\/div>\r\n<\/div>\r\n<\/div>\r\n<img decoding=\"async\" class=\"custom-image\" src=\"http:\/\/www.jovenesnucleares.org\/blog\/wp-content\/uploads\/2026\/04\/cropped-Diseno-sin-titulo-8.png\" \/>\r\n<!-- FILA 4 -->\r\n<div class=\"row spaced-cols space-bottom\">\r\n<div class=\"col-xs-12 col-sm-4 text-center\">\r\n<div class=\"card\">\r\n<div class=\"initial-image\"><img decoding=\"async\" src=\"http:\/\/www.jovenesnucleares.org\/blog\/wp-content\/uploads\/2026\/04\/ANAV.jpg\" \/><\/div>\r\n<h4>ANAV<\/h4>\r\n<\/div>\r\n<\/div>\r\n<\/div>\r\n<img decoding=\"async\" class=\"custom-image\" src=\"http:\/\/www.jovenesnucleares.org\/blog\/wp-content\/uploads\/2026\/04\/cropped-Diseno-sin-titulo-9.png\" \/>\r\n<!-- FILA 5 -->\r\n<div class=\"row spaced-cols space-bottom\">\r\n<div class=\"col-xs-12 col-sm-4 text-center\">\r\n<div class=\"card\">\r\n<div class=\"initial-image\"><img decoding=\"async\" src=\"http:\/\/www.jovenesnucleares.org\/blog\/wp-content\/uploads\/2026\/04\/ENSA.png\" \/><\/div>\r\n<h4>EQUIPOS NUCLEARES SA<\/h4>\r\n<\/div>\r\n<\/div>\r\n<div class=\"col-xs-12 col-sm-4 text-center\">\r\n<div class=\"card\">\r\n<div class=\"initial-image\"><img decoding=\"async\" src=\"http:\/\/www.jovenesnucleares.org\/blog\/wp-content\/uploads\/2026\/04\/Tamoin.jpg\" \/><\/div>\r\n<h4>TAMOIN<\/h4>\r\n<\/div>\r\n<\/div>\r\n<\/div>\r\n<\/div>\r\n<\/div>\r\n<\/div>\r\n<\/div>\r\n<\/div>","protected":false},"excerpt":{"rendered":"<p>Quedan 40 d\u00edas 19 horas 05 min 46 seg para nuestro evento 30 a\u00f1os impulsando las nuevas generaciones del sector nuclear El pr\u00f3ximo s\u00e1bado 30 de mayo de 2026 celebraremos nuestro 30 aniversario con un encuentro muy especial que reunir\u00e1 a estudiantes, profesionales del sector nuclear y colaboradores hist\u00f3ricos de la organizaci\u00f3n. El evento tendr\u00e1&hellip; <br \/> <a class=\"read-more\" href=\"https:\/\/www.jovenesnucleares.org\/blog\/30-aniversario\/\">Read more<\/a><\/p>\n","protected":false},"author":1,"featured_media":0,"parent":0,"menu_order":0,"comment_status":"closed","ping_status":"closed","template":"pro\/page-templates\/full-width-page.php","meta":{"footnotes":""},"class_list":["post-7736","page","type-page","status-publish","hentry"],"yoast_head":"<!-- This site is optimized with the Yoast SEO plugin v27.4 - https:\/\/yoast.com\/product\/yoast-seo-wordpress\/ -->\n<title>30 Aniversario - J\u00f3venes Nucleares<\/title>\n<meta name=\"robots\" content=\"index, follow, max-snippet:-1, max-image-preview:large, max-video-preview:-1\" \/>\n<link rel=\"canonical\" href=\"https:\/\/www.jovenesnucleares.org\/blog\/30-aniversario\/\" \/>\n<meta property=\"og:locale\" content=\"es_ES\" \/>\n<meta property=\"og:type\" content=\"article\" \/>\n<meta property=\"og:title\" content=\"30 Aniversario - J\u00f3venes Nucleares\" \/>\n<meta property=\"og:description\" content=\"Quedan 40 d\u00edas 19 horas 05 min 46 seg para nuestro evento 30 a\u00f1os impulsando las nuevas generaciones del sector nuclear El pr\u00f3ximo s\u00e1bado 30 de mayo de 2026 celebraremos nuestro 30 aniversario con un encuentro muy especial que reunir\u00e1 a estudiantes, profesionales del sector nuclear y colaboradores hist\u00f3ricos de la organizaci\u00f3n. El evento tendr\u00e1&hellip; Read more\" \/>\n<meta property=\"og:url\" content=\"https:\/\/www.jovenesnucleares.org\/blog\/30-aniversario\/\" \/>\n<meta property=\"og:site_name\" content=\"J\u00f3venes Nucleares\" \/>\n<meta property=\"article:publisher\" content=\"https:\/\/www.facebook.com\/JovenesNucleares\" \/>\n<meta property=\"article:modified_time\" content=\"2026-04-21T10:58:06+00:00\" \/>\n<meta property=\"og:image\" content=\"http:\/\/www.jovenesnucleares.org\/blog\/wp-content\/uploads\/2026\/04\/Invitacion-Vertical-Save-the-Date-Delicado-Rosado-Post-de-Instagram-45.png\" \/>\n<meta name=\"twitter:card\" content=\"summary_large_image\" \/>\n<meta name=\"twitter:site\" content=\"@jjnucleares\" \/>\n<meta name=\"twitter:label1\" content=\"Tiempo de lectura\" \/>\n\t<meta name=\"twitter:data1\" content=\"1 minuto\" \/>\n<script type=\"application\/ld+json\" class=\"yoast-schema-graph\">{\"@context\":\"https:\\\/\\\/schema.org\",\"@graph\":[{\"@type\":\"WebPage\",\"@id\":\"https:\\\/\\\/www.jovenesnucleares.org\\\/blog\\\/30-aniversario\\\/\",\"url\":\"https:\\\/\\\/www.jovenesnucleares.org\\\/blog\\\/30-aniversario\\\/\",\"name\":\"30 Aniversario - J\u00f3venes Nucleares\",\"isPartOf\":{\"@id\":\"https:\\\/\\\/www.jovenesnucleares.org\\\/blog\\\/#website\"},\"primaryImageOfPage\":{\"@id\":\"https:\\\/\\\/www.jovenesnucleares.org\\\/blog\\\/30-aniversario\\\/#primaryimage\"},\"image\":{\"@id\":\"https:\\\/\\\/www.jovenesnucleares.org\\\/blog\\\/30-aniversario\\\/#primaryimage\"},\"thumbnailUrl\":\"http:\\\/\\\/www.jovenesnucleares.org\\\/blog\\\/wp-content\\\/uploads\\\/2026\\\/04\\\/Invitacion-Vertical-Save-the-Date-Delicado-Rosado-Post-de-Instagram-45.png\",\"datePublished\":\"2026-04-17T22:12:43+00:00\",\"dateModified\":\"2026-04-21T10:58:06+00:00\",\"breadcrumb\":{\"@id\":\"https:\\\/\\\/www.jovenesnucleares.org\\\/blog\\\/30-aniversario\\\/#breadcrumb\"},\"inLanguage\":\"es\",\"potentialAction\":[{\"@type\":\"ReadAction\",\"target\":[\"https:\\\/\\\/www.jovenesnucleares.org\\\/blog\\\/30-aniversario\\\/\"]}]},{\"@type\":\"ImageObject\",\"inLanguage\":\"es\",\"@id\":\"https:\\\/\\\/www.jovenesnucleares.org\\\/blog\\\/30-aniversario\\\/#primaryimage\",\"url\":\"http:\\\/\\\/www.jovenesnucleares.org\\\/blog\\\/wp-content\\\/uploads\\\/2026\\\/04\\\/Invitacion-Vertical-Save-the-Date-Delicado-Rosado-Post-de-Instagram-45.png\",\"contentUrl\":\"http:\\\/\\\/www.jovenesnucleares.org\\\/blog\\\/wp-content\\\/uploads\\\/2026\\\/04\\\/Invitacion-Vertical-Save-the-Date-Delicado-Rosado-Post-de-Instagram-45.png\"},{\"@type\":\"BreadcrumbList\",\"@id\":\"https:\\\/\\\/www.jovenesnucleares.org\\\/blog\\\/30-aniversario\\\/#breadcrumb\",\"itemListElement\":[{\"@type\":\"ListItem\",\"position\":1,\"name\":\"Portada\",\"item\":\"https:\\\/\\\/www.jovenesnucleares.org\\\/blog\\\/\"},{\"@type\":\"ListItem\",\"position\":2,\"name\":\"30 Aniversario\"}]},{\"@type\":\"WebSite\",\"@id\":\"https:\\\/\\\/www.jovenesnucleares.org\\\/blog\\\/#website\",\"url\":\"https:\\\/\\\/www.jovenesnucleares.org\\\/blog\\\/\",\"name\":\"J\u00f3venes Nucleares\",\"description\":\"Divulgaci\u00f3n de Ciencia y Tecnolog\u00eda Nuclear\",\"publisher\":{\"@id\":\"https:\\\/\\\/www.jovenesnucleares.org\\\/blog\\\/#organization\"},\"potentialAction\":[{\"@type\":\"SearchAction\",\"target\":{\"@type\":\"EntryPoint\",\"urlTemplate\":\"https:\\\/\\\/www.jovenesnucleares.org\\\/blog\\\/?s={search_term_string}\"},\"query-input\":{\"@type\":\"PropertyValueSpecification\",\"valueRequired\":true,\"valueName\":\"search_term_string\"}}],\"inLanguage\":\"es\"},{\"@type\":\"Organization\",\"@id\":\"https:\\\/\\\/www.jovenesnucleares.org\\\/blog\\\/#organization\",\"name\":\"J\u00f3venes Nucleares\",\"url\":\"https:\\\/\\\/www.jovenesnucleares.org\\\/blog\\\/\",\"logo\":{\"@type\":\"ImageObject\",\"inLanguage\":\"es\",\"@id\":\"https:\\\/\\\/www.jovenesnucleares.org\\\/blog\\\/#\\\/schema\\\/logo\\\/image\\\/\",\"url\":\"http:\\\/\\\/www.jovenesnucleares.org\\\/blog\\\/wp-content\\\/uploads\\\/2022\\\/01\\\/cropped-Logo-JJNN-principal-125px.png\",\"contentUrl\":\"http:\\\/\\\/www.jovenesnucleares.org\\\/blog\\\/wp-content\\\/uploads\\\/2022\\\/01\\\/cropped-Logo-JJNN-principal-125px.png\",\"width\":170,\"height\":70,\"caption\":\"J\u00f3venes Nucleares\"},\"image\":{\"@id\":\"https:\\\/\\\/www.jovenesnucleares.org\\\/blog\\\/#\\\/schema\\\/logo\\\/image\\\/\"},\"sameAs\":[\"https:\\\/\\\/www.facebook.com\\\/JovenesNucleares\",\"https:\\\/\\\/x.com\\\/jjnucleares\",\"https:\\\/\\\/www.instagram.com\\\/jjnucleares\\\/\",\"https:\\\/\\\/www.linkedin.com\\\/company\\\/jovenesnucleares\\\/\",\"https:\\\/\\\/www.youtube.com\\\/c\\\/JovenesNuclearesSNE\",\"https:\\\/\\\/es.wikipedia.org\\\/wiki\\\/Jovenes_Nucleares\"]}]}<\/script>\n<!-- \/ Yoast SEO plugin. -->","yoast_head_json":{"title":"30 Aniversario - J\u00f3venes Nucleares","robots":{"index":"index","follow":"follow","max-snippet":"max-snippet:-1","max-image-preview":"max-image-preview:large","max-video-preview":"max-video-preview:-1"},"canonical":"https:\/\/www.jovenesnucleares.org\/blog\/30-aniversario\/","og_locale":"es_ES","og_type":"article","og_title":"30 Aniversario - J\u00f3venes Nucleares","og_description":"Quedan 40 d\u00edas 19 horas 05 min 46 seg para nuestro evento 30 a\u00f1os impulsando las nuevas generaciones del sector nuclear El pr\u00f3ximo s\u00e1bado 30 de mayo de 2026 celebraremos nuestro 30 aniversario con un encuentro muy especial que reunir\u00e1 a estudiantes, profesionales del sector nuclear y colaboradores hist\u00f3ricos de la organizaci\u00f3n. El evento tendr\u00e1&hellip; Read more","og_url":"https:\/\/www.jovenesnucleares.org\/blog\/30-aniversario\/","og_site_name":"J\u00f3venes Nucleares","article_publisher":"https:\/\/www.facebook.com\/JovenesNucleares","article_modified_time":"2026-04-21T10:58:06+00:00","og_image":[{"url":"http:\/\/www.jovenesnucleares.org\/blog\/wp-content\/uploads\/2026\/04\/Invitacion-Vertical-Save-the-Date-Delicado-Rosado-Post-de-Instagram-45.png","type":"","width":"","height":""}],"twitter_card":"summary_large_image","twitter_site":"@jjnucleares","twitter_misc":{"Tiempo de lectura":"1 minuto"},"schema":{"@context":"https:\/\/schema.org","@graph":[{"@type":"WebPage","@id":"https:\/\/www.jovenesnucleares.org\/blog\/30-aniversario\/","url":"https:\/\/www.jovenesnucleares.org\/blog\/30-aniversario\/","name":"30 Aniversario - J\u00f3venes Nucleares","isPartOf":{"@id":"https:\/\/www.jovenesnucleares.org\/blog\/#website"},"primaryImageOfPage":{"@id":"https:\/\/www.jovenesnucleares.org\/blog\/30-aniversario\/#primaryimage"},"image":{"@id":"https:\/\/www.jovenesnucleares.org\/blog\/30-aniversario\/#primaryimage"},"thumbnailUrl":"http:\/\/www.jovenesnucleares.org\/blog\/wp-content\/uploads\/2026\/04\/Invitacion-Vertical-Save-the-Date-Delicado-Rosado-Post-de-Instagram-45.png","datePublished":"2026-04-17T22:12:43+00:00","dateModified":"2026-04-21T10:58:06+00:00","breadcrumb":{"@id":"https:\/\/www.jovenesnucleares.org\/blog\/30-aniversario\/#breadcrumb"},"inLanguage":"es","potentialAction":[{"@type":"ReadAction","target":["https:\/\/www.jovenesnucleares.org\/blog\/30-aniversario\/"]}]},{"@type":"ImageObject","inLanguage":"es","@id":"https:\/\/www.jovenesnucleares.org\/blog\/30-aniversario\/#primaryimage","url":"http:\/\/www.jovenesnucleares.org\/blog\/wp-content\/uploads\/2026\/04\/Invitacion-Vertical-Save-the-Date-Delicado-Rosado-Post-de-Instagram-45.png","contentUrl":"http:\/\/www.jovenesnucleares.org\/blog\/wp-content\/uploads\/2026\/04\/Invitacion-Vertical-Save-the-Date-Delicado-Rosado-Post-de-Instagram-45.png"},{"@type":"BreadcrumbList","@id":"https:\/\/www.jovenesnucleares.org\/blog\/30-aniversario\/#breadcrumb","itemListElement":[{"@type":"ListItem","position":1,"name":"Portada","item":"https:\/\/www.jovenesnucleares.org\/blog\/"},{"@type":"ListItem","position":2,"name":"30 Aniversario"}]},{"@type":"WebSite","@id":"https:\/\/www.jovenesnucleares.org\/blog\/#website","url":"https:\/\/www.jovenesnucleares.org\/blog\/","name":"J\u00f3venes Nucleares","description":"Divulgaci\u00f3n de Ciencia y Tecnolog\u00eda Nuclear","publisher":{"@id":"https:\/\/www.jovenesnucleares.org\/blog\/#organization"},"potentialAction":[{"@type":"SearchAction","target":{"@type":"EntryPoint","urlTemplate":"https:\/\/www.jovenesnucleares.org\/blog\/?s={search_term_string}"},"query-input":{"@type":"PropertyValueSpecification","valueRequired":true,"valueName":"search_term_string"}}],"inLanguage":"es"},{"@type":"Organization","@id":"https:\/\/www.jovenesnucleares.org\/blog\/#organization","name":"J\u00f3venes Nucleares","url":"https:\/\/www.jovenesnucleares.org\/blog\/","logo":{"@type":"ImageObject","inLanguage":"es","@id":"https:\/\/www.jovenesnucleares.org\/blog\/#\/schema\/logo\/image\/","url":"http:\/\/www.jovenesnucleares.org\/blog\/wp-content\/uploads\/2022\/01\/cropped-Logo-JJNN-principal-125px.png","contentUrl":"http:\/\/www.jovenesnucleares.org\/blog\/wp-content\/uploads\/2022\/01\/cropped-Logo-JJNN-principal-125px.png","width":170,"height":70,"caption":"J\u00f3venes Nucleares"},"image":{"@id":"https:\/\/www.jovenesnucleares.org\/blog\/#\/schema\/logo\/image\/"},"sameAs":["https:\/\/www.facebook.com\/JovenesNucleares","https:\/\/x.com\/jjnucleares","https:\/\/www.instagram.com\/jjnucleares\/","https:\/\/www.linkedin.com\/company\/jovenesnucleares\/","https:\/\/www.youtube.com\/c\/JovenesNuclearesSNE","https:\/\/es.wikipedia.org\/wiki\/Jovenes_Nucleares"]}]}},"post_mailing_queue_ids":[],"_links":{"self":[{"href":"https:\/\/www.jovenesnucleares.org\/blog\/wp-json\/wp\/v2\/pages\/7736","targetHints":{"allow":["GET"]}}],"collection":[{"href":"https:\/\/www.jovenesnucleares.org\/blog\/wp-json\/wp\/v2\/pages"}],"about":[{"href":"https:\/\/www.jovenesnucleares.org\/blog\/wp-json\/wp\/v2\/types\/page"}],"author":[{"embeddable":true,"href":"https:\/\/www.jovenesnucleares.org\/blog\/wp-json\/wp\/v2\/users\/1"}],"replies":[{"embeddable":true,"href":"https:\/\/www.jovenesnucleares.org\/blog\/wp-json\/wp\/v2\/comments?post=7736"}],"version-history":[{"count":5,"href":"https:\/\/www.jovenesnucleares.org\/blog\/wp-json\/wp\/v2\/pages\/7736\/revisions"}],"predecessor-version":[{"id":7900,"href":"https:\/\/www.jovenesnucleares.org\/blog\/wp-json\/wp\/v2\/pages\/7736\/revisions\/7900"}],"wp:attachment":[{"href":"https:\/\/www.jovenesnucleares.org\/blog\/wp-json\/wp\/v2\/media?parent=7736"}],"curies":[{"name":"wp","href":"https:\/\/api.w.org\/{rel}","templated":true}]}}